{"id":107,"date":"2012-02-23T22:44:14","date_gmt":"2012-02-23T21:44:14","guid":{"rendered":"http:\/\/19matt57.cwsurf.de\/wordpress\/?page_id=107"},"modified":"2020-10-31T20:18:24","modified_gmt":"2020-10-31T19:18:24","slug":"impressum","status":"publish","type":"page","link":"https:\/\/genblog.dl5sel.de\/?page_id=107","title":{"rendered":"Impressum"},"content":{"rendered":"<p>Dieses rein private Weblog befasst sich mit Familienforschung, wobei die Familien VOGEL (Provinz Posen), SIEGERT (Schlesien), M\u00dcNCHOW (Pommern) und BAIER (Sudeten) den Schwerpunkt bilden. Zum Projekt geh\u00f6rt au\u00dferdem eine <a title=\"Datenbank zur Familienforschung\" href=\"https:\/\/genealogie.dl5sel.de\" target=\"_blank\" rel=\"noopener noreferrer\">Datenbank zur Familienforschung<\/a>, in der ca. 720 Personen erfasst sind.<\/p>\n<p>In diesem Blog sollen vor allem Familienlegenden und Theorien zur Herkunft der Familie behandelt werden. Au\u00dferdem gibt es zus\u00e4tzliche Informationen, f\u00fcr die in der Datenbank kein Platz ist.<\/p>\n<p>Ich w\u00fcnsche allen Besuchern viel Spa\u00df beim St\u00f6bern. Wer mehr Informationen \u00fcber den Inhaber des Weblogs haben m\u00f6chte, der sollte auch die Website<a href=\"https:\/\/www.dl5sel.de\" target=\"_blank\" rel=\"noopener noreferrer\"> www.dl5sel.de<\/a> besuchen.<\/p>\n<p align=\"center\"><span style=\"font-size: medium;\">Betreiber des Weblogs:<\/span><\/p>\n<p style=\"text-align: center;\">Dr.-Ing. Reinhard Vogel<br \/>\nBerzdorfer Stra\u00dfe 15<br \/>\nD-01239 Dresden<br \/>\nTel.: 01520 \/ 19 40 295<\/p>\n<p>Eine Kontaktaufnahme \u00fcber E-Mail ist ebenfalls m\u00f6glich. Diese Kontaktm\u00f6glichkeit ist v\u00f6llig freiwillig und erfolgt \u00fcber das jeweilige E-Mail-Programm. Dabei anfallende pers\u00f6nliche Daten werden nicht an Dritte weitergegeben, sondern dienen lediglich der Kommunikation mit dem Einsender.<\/p>\n<p style=\"text-align: center;\"><a title=\"eMail an Betreiber senden\" href=\"mailto:kontakt@dl5sel.de\" target=\"_blank\" rel=\"noopener noreferrer\">eMail an Betreiber senden<\/a><\/p>\n<p><span style=\"font-size: medium;\">Erkl\u00e4rung :<\/span><\/p>\n<p>Das Landgericht Hamburg hat mit Urteil vom 12.05.1998 entschieden, dass man durch die Ausbringung eines Links die Inhalte der gelinkten Seite gegebenenfalls mit zu verantworten hat. Dies kann &#8212; so das LG &#8212; nur dadurch verhindert werden, indem man sich ausdr\u00fccklich von diesen Inhalten distanziert. F\u00fcr alle auf dieser Website gelegten Links gilt: \u201eDer Betreiber dieser Website betont ausdr\u00fccklich, dass er keinerlei Einfluss auf die Gestaltung und die Inhalte der gelinkten Seiten hat. Aus diesem Grund distanziert sich der Betreiber dieser Website hiermit ausdr\u00fccklich von allen Inhalten der verlinkten Seiten und deren Unterverzeichnissen.&#8220; Diese Erkl\u00e4rung gilt f\u00fcr alle auf dieser Seite ausgebrachten Links, unabh\u00e4ngig davon, ob sie in Text-, Banner- oder Grafikform vorliegen.<\/p>\n","protected":false},"excerpt":{"rendered":"<p>Dieses rein private Weblog befasst sich mit Familienforschung, wobei die Familien VOGEL (Provinz Posen), SIEGERT (Schlesien), M\u00dcNCHOW (Pommern) und BAIER (Sudeten) den Schwerpunkt bilden. Zum Projekt geh\u00f6rt au\u00dferdem eine Datenbank zur Familienforschung, in der ca. 720 Personen erfasst sind. In diesem Blog sollen vor allem Familienlegenden und Theorien zur Herkunft der Familie behandelt werden. Au\u00dferdem [&hellip;]<\/p>\n","protected":false},"author":1,"featured_media":0,"parent":0,"menu_order":0,"comment_status":"closed","ping_status":"closed","template":"","meta":{"footnotes":""},"class_list":["post-107","page","type-page","status-publish","hentry"],"_links":{"self":[{"href":"https:\/\/genblog.dl5sel.de\/index.php?rest_route=\/wp\/v2\/pages\/107","targetHints":{"allow":["GET"]}}],"collection":[{"href":"https:\/\/genblog.dl5sel.de\/index.php?rest_route=\/wp\/v2\/pages"}],"about":[{"href":"https:\/\/genblog.dl5sel.de\/index.php?rest_route=\/wp\/v2\/types\/page"}],"author":[{"embeddable":true,"href":"https:\/\/genblog.dl5sel.de\/index.php?rest_route=\/wp\/v2\/users\/1"}],"replies":[{"embeddable":true,"href":"https:\/\/genblog.dl5sel.de\/index.php?rest_route=%2Fwp%2Fv2%2Fcomments&post=107"}],"version-history":[{"count":23,"href":"https:\/\/genblog.dl5sel.de\/index.php?rest_route=\/wp\/v2\/pages\/107\/revisions"}],"predecessor-version":[{"id":1974,"href":"https:\/\/genblog.dl5sel.de\/index.php?rest_route=\/wp\/v2\/pages\/107\/revisions\/1974"}],"wp:attachment":[{"href":"https:\/\/genblog.dl5sel.de\/index.php?rest_route=%2Fwp%2Fv2%2Fmedia&parent=107"}],"curies":[{"name":"wp","href":"https:\/\/api.w.org\/{rel}","templated":true}]}}