{"id":1218,"date":"2013-10-25T12:03:23","date_gmt":"2013-10-25T10:03:23","guid":{"rendered":"http:\/\/genblog.dl5sel.de\/?page_id=1218"},"modified":"2020-10-31T22:34:23","modified_gmt":"2020-10-31T21:34:23","slug":"kirchenbuchauszuege-fuer-troszczyn","status":"publish","type":"page","link":"https:\/\/genblog.dl5sel.de\/?page_id=1218","title":{"rendered":"Kirchenbuchausz\u00fcge f\u00fcr Troszczyn"},"content":{"rendered":"<p>An dieser Stelle werden noch Kirchenbuchausz\u00fcge aufgef\u00fchrt, die das Dorf Troszczyn bei Opalenica betreffen. Die Zusammenstellung erhebt keinen Anspruch auf Vollst\u00e4ndigkeit. Eine Aktualisierung erfolgt nicht mehr, da interessante Funde aus Kirchenb\u00fcchern zuk\u00fcnftig als Beitr\u00e4ge in der Kategorie &#8222;Kirchenbucheintr\u00e4ge&#8220; erfasst werden.<\/p>\n<p>23.04.1752, Taufe: Marianna<br \/>\nEltern: Martin Zay(?) und Barbara<br \/>\nPaten: Joannes Wolf, Apolonia<\/p>\n<p>21.03.1753, Taufe: Catharina<br \/>\nEltern: Martin und Elisabetha Cajn<\/p>\n<p>26.03.1753, Taufe: Hermine Benedicta<br \/>\nEltern: ? Karski und Barbara<br \/>\nPaten: Georgius Ceydler und Barbara<\/p>\n<p>10.02.1754, Taufe: Dorothea<br \/>\nEltern: Joanne Gab und Anna<br \/>\nPaten: Godefridus und Dorothea Roken<\/p>\n<p>23.02.1754, Taufe: Catharina<br \/>\nEltern: Antony Bert und Elisabeth<br \/>\nPaten: Elias Karg und Barbara<\/p>\n<p>13.05.1754, Taufe: Elisabeth<br \/>\nEltern: Godefrid Lux und Marianna<\/p>\n<p>06.10.1754, Taufe: Matthias<br \/>\nEltern: Joanne Wolf und Anna<br \/>\nPaten: Martinus Carger, Barbara Obst<\/p>\n<p>18.10.1754, Taufe: Michael<br \/>\nEltern: Martin Scholle und Anna Maria<br \/>\nPaten: Joannes Wolf, Barbara Obst, Martin Carger und Ewa<\/p>\n<p>23.02.1755, Taufe: Clara<br \/>\nEltern: Peter Ceydler und Elisabeth<br \/>\nPaten: Georgius Homann, Ewa Foglerin<\/p>\n<p>10.07.1755, Taufe: Margarethe<br \/>\nEltern: Fridericus Millman und Dorothea<br \/>\nPaten: Michael Baier, Barbara Karige<\/p>\n<p>12.07.1755, Taufe: Magdalena<br \/>\nEltern: Michael Bert und (unleserlich)<br \/>\nPaten: Elias Kariger, Elisabeth Karigowa, Rosina Mlyneska aus Opalenica<\/p>\n<p>29.01.1756, Taufe: Paul<br \/>\nEltern: Elias Karger und Barbara<br \/>\nPaten: (unleserlich) Homs, Catharina Bert<\/p>\n<p>11.11.1756, Taufe: Martin<br \/>\nEltern: Michael Ceydler und Elisabeth<br \/>\nPaten: Joannes Wolf, Marianna Homan<\/p>\n<p>17.11.1756, Taufe: Elisabeth<br \/>\nEltern: Joannis Wolff und Anna<br \/>\nPaten: Michael Ceydler, Barbara Ceydlerowa<\/p>\n<p>12.12.1756, Taufe: Andreas<br \/>\nEltern: Michael Miller, keine Nennung der Mutter<br \/>\nPaten: Joannes Fogel, Catharina Beert<\/p>\n<p>27.04.1757, Taufe: <a title=\"Datenbank: Barbara Obst (1757 - 1758)\" href=\"https:\/\/genealogie.dl5sel.de\/index.php?route=%2Ftree%2Freinhard%2Findividual%2FI556%2FBarbara-Obst\" target=\"_blank\" rel=\"noopener noreferrer\">Barbara<\/a><br \/>\nEltern: <a title=\"Datenbank: Georgij Obst\" href=\"https:\/\/genealogie.dl5sel.de\/index.php?route=%2Ftree%2Freinhard%2Findividual%2FI439%2FGeorgij-Obst\" target=\"_blank\" rel=\"noopener noreferrer\">Georgij Obst<\/a> und Barbara<br \/>\nPaten: Martin Homann, Barbara Ceidlerowa<\/p>\n<p>16.06.1757, Taufe: Anna<br \/>\nEltern: Andreas Szulc und Elisabeth<br \/>\nPaten: Stanislaus Korbaniki, Marianna Sypniewska<\/p>\n<p>24.01.1758, Taufe: Catharina<br \/>\nEltern: Albert Witz und Elsabeth<br \/>\nPaten: Joannes Fogel und Barbara<\/p>\n<p>03.12.1758, Sterbeeintrag<br \/>\nBarbara, Tochter des Georgij Obst<\/p>\n<p>03.11.1759 Taufe: Catharina<br \/>\nEltern: Martin Ceydler und Barbara<br \/>\nPaten: Georgius Obst, Magdalena Beert<\/p>\n<p>17.02.1760, Taufe: Anna<br \/>\nEltern: Joannis Wolff und Anna<br \/>\nPaten: Martin Obst, Leonora Millerowa<\/p>\n<p>19.03.1760, Taufe: Maria<br \/>\nEltern: Martin Homann und Elisabeth<br \/>\nPaten: Michael Ceidler, (unleserlich)<\/p>\n<p>27.04.1760, Taufe: Adalbertus<br \/>\nEltern: Michael Ceydler und Elisabeth<br \/>\nPaten: Joannes Fogel und Elisabeth<\/p>\n<p>27.10.1765, Taufe: <a title=\"Datenbank: Martinus Fogiel (1765 - 1765)\" href=\"https:\/\/genealogie.dl5sel.de\/index.php?route=%2Ftree%2Freinhard%2Findividual%2FI438%2FMartinus-Fogiel\" target=\"_blank\" rel=\"noopener noreferrer\">Martin<\/a><br \/>\nEltern: Joannis und Anna Fogiel<br \/>\nPaten: Joannes Hak, Anna Ubst<\/p>\n<p>15.03.1767, Taufe: <a title=\"Datenbank: Mathias Obst (Ubs)\" href=\"https:\/\/genealogie.dl5sel.de\/index.php?route=%2Ftree%2Freinhard%2Findividual%2FI555%2FMathias-Obst\" target=\"_blank\" rel=\"noopener noreferrer\">Mathias<\/a><br \/>\nEltern: Georgij und Barbara Ubs<br \/>\nPaten: Antonij Korch, Catharina Cham<\/p>\n<p>09.12.1775, Taufe: <a title=\"Datenbank: Marianna Magdalena Fogiel\" href=\"https:\/\/genealogie.dl5sel.de\/index.php?route=%2Ftree%2Freinhard%2Findividual%2FI292%2FMarianna-Magdalena-Vogel\" target=\"_blank\" rel=\"noopener noreferrer\">Maria Magdalena<\/a><br \/>\nEltern: Andreas und Marianna Fogiel<br \/>\nPaten: Michael Hum, Marianna Gazlarowa<\/p>\n<p>02.11.1778, Taufe: <a title=\"Datenbank: Martinus Vogel\" href=\"https:\/\/genealogie.dl5sel.de\/index.php?route=%2Ftree%2Freinhard%2Findividual%2FI120%2FMartinus-Vogel\" target=\"_blank\" rel=\"noopener noreferrer\">Martin<\/a>, geboren am 25.10.1778<br \/>\nEltern: Andreas und Marianna Fogiel<br \/>\nPaten: Nicolaus Gucie, Anna Catharina Caydler<\/p>\n<p>26.05.1779, Taufe: <a title=\"Datenbank: Anna Catharina Fogiel\" href=\"https:\/\/genealogie.dl5sel.de\/index.php?route=%2Ftree%2Freinhard%2Findividual%2FI435%2FAnna-Catharina-Fogiel\" target=\"_blank\" rel=\"noopener noreferrer\">Anna Catharina<\/a><br \/>\nEltern: Joannis und Anna Rosina Fogiel<br \/>\nPaten: Samuel Bram, Magdalena Ubs<\/p>\n<p>15.07.1779, Taufe: Helena<br \/>\nEltern: Joseph und Rosalia Hojnacki<br \/>\nPaten: Catharina Hoffmanowna, Andreas Fogiel<br \/>\nRosalia Dziadkowska<\/p>\n","protected":false},"excerpt":{"rendered":"<p>An dieser Stelle werden noch Kirchenbuchausz\u00fcge aufgef\u00fchrt, die das Dorf Troszczyn bei Opalenica betreffen. Die Zusammenstellung erhebt keinen Anspruch auf Vollst\u00e4ndigkeit. Eine Aktualisierung erfolgt nicht mehr, da interessante Funde aus Kirchenb\u00fcchern zuk\u00fcnftig als Beitr\u00e4ge in der Kategorie &#8222;Kirchenbucheintr\u00e4ge&#8220; erfasst werden. 23.04.1752, Taufe: Marianna Eltern: Martin Zay(?) und Barbara Paten: Joannes Wolf, Apolonia 21.03.1753, Taufe: Catharina [&hellip;]<\/p>\n","protected":false},"author":1,"featured_media":0,"parent":0,"menu_order":0,"comment_status":"closed","ping_status":"closed","template":"","meta":{"footnotes":""},"class_list":["post-1218","page","type-page","status-publish","hentry"],"_links":{"self":[{"href":"https:\/\/genblog.dl5sel.de\/index.php?rest_route=\/wp\/v2\/pages\/1218","targetHints":{"allow":["GET"]}}],"collection":[{"href":"https:\/\/genblog.dl5sel.de\/index.php?rest_route=\/wp\/v2\/pages"}],"about":[{"href":"https:\/\/genblog.dl5sel.de\/index.php?rest_route=\/wp\/v2\/types\/page"}],"author":[{"embeddable":true,"href":"https:\/\/genblog.dl5sel.de\/index.php?rest_route=\/wp\/v2\/users\/1"}],"replies":[{"embeddable":true,"href":"https:\/\/genblog.dl5sel.de\/index.php?rest_route=%2Fwp%2Fv2%2Fcomments&post=1218"}],"version-history":[{"count":21,"href":"https:\/\/genblog.dl5sel.de\/index.php?rest_route=\/wp\/v2\/pages\/1218\/revisions"}],"predecessor-version":[{"id":1978,"href":"https:\/\/genblog.dl5sel.de\/index.php?rest_route=\/wp\/v2\/pages\/1218\/revisions\/1978"}],"wp:attachment":[{"href":"https:\/\/genblog.dl5sel.de\/index.php?rest_route=%2Fwp%2Fv2%2Fmedia&parent=1218"}],"curies":[{"name":"wp","href":"https:\/\/api.w.org\/{rel}","templated":true}]}}