{"id":1324,"date":"2014-01-01T17:14:29","date_gmt":"2014-01-01T15:14:29","guid":{"rendered":"http:\/\/genblog.dl5sel.de\/?page_id=1324"},"modified":"2020-10-31T22:46:15","modified_gmt":"2020-10-31T21:46:15","slug":"links","status":"publish","type":"page","link":"https:\/\/genblog.dl5sel.de\/?page_id=1324","title":{"rendered":"Links"},"content":{"rendered":"<p>Die Zeiten, in denen der Familienforscher auf sich allein gestellt versucht, die &#8222;Geheimnisse&#8220; seiner Familie zu entr\u00e4tseln, sind lange vorbei. Im Internet finden sich bei ausgiebiger Recherche genug Seiten, die sich mit \u00e4hnlichen Dingen besch\u00e4ftigen wie man selbst bzw. wertvolle historische Hintergrundinformationen liefern.<\/p>\n<p>Der wichtigste Link ist meine <a title=\"Familien-Datenbank\" href=\"https:\/\/genealogie.dl5sel.de\" target=\"_blank\" rel=\"noopener noreferrer\">Familien-Datenbank<\/a>. Hier ist der jeweilige Stand meiner Recherchen verf\u00fcgbar.<br \/>\nMailinglisten<\/p>\n","protected":false},"excerpt":{"rendered":"<p>Die Zeiten, in denen der Familienforscher auf sich allein gestellt versucht, die &#8222;Geheimnisse&#8220; seiner Familie zu entr\u00e4tseln, sind lange vorbei. Im Internet finden sich bei ausgiebiger Recherche genug Seiten, die sich mit \u00e4hnlichen Dingen besch\u00e4ftigen wie man selbst bzw. wertvolle historische Hintergrundinformationen liefern. Der wichtigste Link ist meine Familien-Datenbank. Hier ist der jeweilige Stand meiner [&hellip;]<\/p>\n","protected":false},"author":1,"featured_media":0,"parent":0,"menu_order":0,"comment_status":"closed","ping_status":"closed","template":"","meta":{"footnotes":""},"class_list":["post-1324","page","type-page","status-publish","hentry"],"_links":{"self":[{"href":"https:\/\/genblog.dl5sel.de\/index.php?rest_route=\/wp\/v2\/pages\/1324","targetHints":{"allow":["GET"]}}],"collection":[{"href":"https:\/\/genblog.dl5sel.de\/index.php?rest_route=\/wp\/v2\/pages"}],"about":[{"href":"https:\/\/genblog.dl5sel.de\/index.php?rest_route=\/wp\/v2\/types\/page"}],"author":[{"embeddable":true,"href":"https:\/\/genblog.dl5sel.de\/index.php?rest_route=\/wp\/v2\/users\/1"}],"replies":[{"embeddable":true,"href":"https:\/\/genblog.dl5sel.de\/index.php?rest_route=%2Fwp%2Fv2%2Fcomments&post=1324"}],"version-history":[{"count":4,"href":"https:\/\/genblog.dl5sel.de\/index.php?rest_route=\/wp\/v2\/pages\/1324\/revisions"}],"predecessor-version":[{"id":1985,"href":"https:\/\/genblog.dl5sel.de\/index.php?rest_route=\/wp\/v2\/pages\/1324\/revisions\/1985"}],"wp:attachment":[{"href":"https:\/\/genblog.dl5sel.de\/index.php?rest_route=%2Fwp%2Fv2%2Fmedia&parent=1324"}],"curies":[{"name":"wp","href":"https:\/\/api.w.org\/{rel}","templated":true}]}}