{"id":1470,"date":"2014-05-03T00:30:20","date_gmt":"2014-05-02T22:30:20","guid":{"rendered":"http:\/\/genblog.dl5sel.de\/?page_id=1470"},"modified":"2020-10-31T23:19:53","modified_gmt":"2020-10-31T22:19:53","slug":"opalenica","status":"publish","type":"page","link":"https:\/\/genblog.dl5sel.de\/?page_id=1470","title":{"rendered":"Opalenica"},"content":{"rendered":"<p>Das war eine Reise, die schon l\u00e4nger auf meiner Wunschliste stand: ein Besuch in Opalenica. Ich wollte mir selbst einen Eindruck von &#8222;Land und Leuten&#8220; verschaffen.<\/p>\n<p>Im April 2014 war es dann soweit. Ein Zimmer in einer Pension in Opalenica war gebucht und ich trat die gut vierst\u00fcndige Autofahrt an. In Nowy Tomisl wurde die Autobahn verlassen und die Reise auf der Stra\u00dfe Nr 307 fortgesetzt. Erster Eindruck: ein flaches Land, vorwiegend landwirtschaftlich gepr\u00e4gt.<\/p>\n<p>Am Ortseingang von Opalenica wurde es etwas un\u00fcbersichtlich. Die Stadt erh\u00e4lt gerade eine richtig schicke Ortsumgehungsstra\u00dfe, an den Anschl\u00fcssen an die &#8222;alte&#8220; Ortsdurchfahrt werden Kreisverkehre gebaut. Der Stra\u00dfenzustand an dieser Stelle war weniger gut, die Beschilderung fehlte noch komplett und ich konnte nur hoffen, dass sich wenigstens die Einheimischen auskannten. Also, eine Runde im Kreisverkehr zus\u00e4tzlich und dann rein in die Stadt &#8230;<\/p>\n<p>Die Pension war schnell gefunden, das Zimmer wurde bezogen und anschlie\u00dfend die Stadt zu Fu\u00df erkundet. Erster Anlaufpunkt: das Rathaus.<\/p>\n<p><a href=\"http:\/\/genblog.dl5sel.de\/wp-content\/uploads\/2014\/05\/K1024_R0016728.jpg\"><img loading=\"lazy\" decoding=\"async\" class=\"aligncenter size-full wp-image-1475\" src=\"http:\/\/genblog.dl5sel.de\/wp-content\/uploads\/2014\/05\/K1024_R0016728.jpg\" alt=\"K1024_R0016728\" width=\"1024\" height=\"768\" srcset=\"https:\/\/genblog.dl5sel.de\/wp-content\/uploads\/2014\/05\/K1024_R0016728.jpg 1024w, https:\/\/genblog.dl5sel.de\/wp-content\/uploads\/2014\/05\/K1024_R0016728-300x225.jpg 300w, https:\/\/genblog.dl5sel.de\/wp-content\/uploads\/2014\/05\/K1024_R0016728-624x468.jpg 624w\" sizes=\"auto, (max-width: 1024px) 100vw, 1024px\" \/><\/a>Leider war es an diesem Tag ein wenig regnerisch, so sehen die Bilder auch ein wenig &#8222;tr\u00fcb&#8220; aus. Gleich gegen\u00fcber vom Rathaus ein Schulgeb\u00e4ude. Einst das Geb\u00e4ude der katholischen Schule beherbergt es heute ein Gymnasium.<\/p>\n<p><a href=\"http:\/\/genblog.dl5sel.de\/wp-content\/uploads\/2014\/05\/K1024_R0016729.jpg\"><img loading=\"lazy\" decoding=\"async\" class=\"aligncenter size-full wp-image-1476\" src=\"http:\/\/genblog.dl5sel.de\/wp-content\/uploads\/2014\/05\/K1024_R0016729.jpg\" alt=\"K1024_R0016729\" width=\"1024\" height=\"768\" srcset=\"https:\/\/genblog.dl5sel.de\/wp-content\/uploads\/2014\/05\/K1024_R0016729.jpg 1024w, https:\/\/genblog.dl5sel.de\/wp-content\/uploads\/2014\/05\/K1024_R0016729-300x225.jpg 300w, https:\/\/genblog.dl5sel.de\/wp-content\/uploads\/2014\/05\/K1024_R0016729-624x468.jpg 624w\" sizes=\"auto, (max-width: 1024px) 100vw, 1024px\" \/><\/a>Ber\u00fchmtester Sch\u00fcler war <a title=\"Wikipedia: Joseph Karge\" href=\"http:\/\/en.wikipedia.org\/wiki\/Joseph_Karge\">Joseph Karge (1823 &#8211; 1892)<\/a>. Nach seiner Auswanderung in die USA war er General und Lehrer an der Princeton-Universit\u00e4t.<br \/>\nim n\u00e4chsten Foto ist ein Teil des Marktes zu sehen.<\/p>\n<p><a href=\"http:\/\/genblog.dl5sel.de\/wp-content\/uploads\/2014\/05\/K1024_R0016731.jpg\"><img loading=\"lazy\" decoding=\"async\" class=\"aligncenter size-full wp-image-1477\" src=\"http:\/\/genblog.dl5sel.de\/wp-content\/uploads\/2014\/05\/K1024_R0016731.jpg\" alt=\"K1024_R0016731\" width=\"1024\" height=\"768\" srcset=\"https:\/\/genblog.dl5sel.de\/wp-content\/uploads\/2014\/05\/K1024_R0016731.jpg 1024w, https:\/\/genblog.dl5sel.de\/wp-content\/uploads\/2014\/05\/K1024_R0016731-300x225.jpg 300w, https:\/\/genblog.dl5sel.de\/wp-content\/uploads\/2014\/05\/K1024_R0016731-624x468.jpg 624w\" sizes=\"auto, (max-width: 1024px) 100vw, 1024px\" \/><\/a>Die H\u00e4user wurden liebevoll restauriert. Man f\u00fchlt sich unweigerlich in fr\u00fchere Zeiten zur\u00fcckversetzt. Als Abschluss noch ein Foto der gr\u00f6\u00dferen Kirche in der Stadt, der St.Matth\u00e4us-Kirche:<\/p>\n<p><a href=\"http:\/\/genblog.dl5sel.de\/wp-content\/uploads\/2014\/05\/K1024_R0016737-e1399069425142.jpg\"><img loading=\"lazy\" decoding=\"async\" class=\"aligncenter size-full wp-image-1479\" src=\"http:\/\/genblog.dl5sel.de\/wp-content\/uploads\/2014\/05\/K1024_R0016737-e1399069425142.jpg\" alt=\"K1024_R0016737\" width=\"768\" height=\"1024\" srcset=\"https:\/\/genblog.dl5sel.de\/wp-content\/uploads\/2014\/05\/K1024_R0016737-e1399069425142.jpg 768w, https:\/\/genblog.dl5sel.de\/wp-content\/uploads\/2014\/05\/K1024_R0016737-e1399069425142-225x300.jpg 225w, https:\/\/genblog.dl5sel.de\/wp-content\/uploads\/2014\/05\/K1024_R0016737-e1399069425142-624x832.jpg 624w\" sizes=\"auto, (max-width: 768px) 100vw, 768px\" \/><\/a>Der Kirchturm steht separat neben dem eigentlichen Geb\u00e4ude. Eigentlich eine etwas ungew\u00f6hnliche Anordnung &#8230;<\/p>\n<p>Nat\u00fcrlich war ich auch in Troszczyn, dem Dorf, in dem sich mein Vorfahre <a title=\"WebTrees: Andreas Vogel (1739 - 1809)\" href=\"https:\/\/genealogie.dl5sel.de\/index.php?route=%2Ftree%2Freinhard%2Findividual%2FI216%2FAndreas-Vogel\" target=\"_blank\" rel=\"noopener noreferrer\">Andreas Vogel (1739 &#8211; 1809)<\/a> als Siedler niederlie\u00df. Einen kleinen Eindruck vermittelt das folgende Bild:<\/p>\n<p><a href=\"http:\/\/genblog.dl5sel.de\/wp-content\/uploads\/2014\/05\/K1024_R0016769.jpg\"><img loading=\"lazy\" decoding=\"async\" class=\"aligncenter size-full wp-image-1478\" src=\"http:\/\/genblog.dl5sel.de\/wp-content\/uploads\/2014\/05\/K1024_R0016769.jpg\" alt=\"K1024_R0016769\" width=\"1024\" height=\"768\" srcset=\"https:\/\/genblog.dl5sel.de\/wp-content\/uploads\/2014\/05\/K1024_R0016769.jpg 1024w, https:\/\/genblog.dl5sel.de\/wp-content\/uploads\/2014\/05\/K1024_R0016769-300x225.jpg 300w, https:\/\/genblog.dl5sel.de\/wp-content\/uploads\/2014\/05\/K1024_R0016769-624x468.jpg 624w\" sizes=\"auto, (max-width: 1024px) 100vw, 1024px\" \/><\/a>Anders als in Guben hatte ich sowohl in Opalenica als auch in Troszczyn keine Angaben \u00fcber den genauen Wohnort meiner Vorfahren. Ich werde also versuchen, die Adressen noch zu ermitteln. Einen aktuellen Stadtplan habe ich bereits bei einem <a title=\"MapFox: Stadtplan Opalenica\" href=\"http:\/\/www.mapfox.de\/9788374450850.php\" target=\"_blank\" rel=\"noopener noreferrer\">Interneth\u00e4ndler <\/a>erwerben k\u00f6nnen. Eine Sammlung historischer Ansichtskarten der Stadt und ihrer Umgebung ist unter dem folgenden Link zu finden: <a title=\"extern: historische Ansichtskarten\" href=\"http:\/\/filokartysta.prv.pl\/\" target=\"_blank\" rel=\"noopener noreferrer\">http:\/\/filokartysta.prv.pl\/<\/a><\/p>\n<p>Fazit: Opalenica war f\u00fcr mich unter Ber\u00fccksichtigung der Geschichte meiner Familie sehr interessant. Die gewonnenen Eindr\u00fccke m\u00f6chte ich nicht mehr missen.<\/p>\n","protected":false},"excerpt":{"rendered":"<p>Das war eine Reise, die schon l\u00e4nger auf meiner Wunschliste stand: ein Besuch in Opalenica. Ich wollte mir selbst einen Eindruck von &#8222;Land und Leuten&#8220; verschaffen. Im April 2014 war es dann soweit. Ein Zimmer in einer Pension in Opalenica war gebucht und ich trat die gut vierst\u00fcndige Autofahrt an. In Nowy Tomisl wurde die [&hellip;]<\/p>\n","protected":false},"author":1,"featured_media":0,"parent":0,"menu_order":0,"comment_status":"closed","ping_status":"closed","template":"","meta":{"footnotes":""},"class_list":["post-1470","page","type-page","status-publish","hentry"],"_links":{"self":[{"href":"https:\/\/genblog.dl5sel.de\/index.php?rest_route=\/wp\/v2\/pages\/1470","targetHints":{"allow":["GET"]}}],"collection":[{"href":"https:\/\/genblog.dl5sel.de\/index.php?rest_route=\/wp\/v2\/pages"}],"about":[{"href":"https:\/\/genblog.dl5sel.de\/index.php?rest_route=\/wp\/v2\/types\/page"}],"author":[{"embeddable":true,"href":"https:\/\/genblog.dl5sel.de\/index.php?rest_route=\/wp\/v2\/users\/1"}],"replies":[{"embeddable":true,"href":"https:\/\/genblog.dl5sel.de\/index.php?rest_route=%2Fwp%2Fv2%2Fcomments&post=1470"}],"version-history":[{"count":7,"href":"https:\/\/genblog.dl5sel.de\/index.php?rest_route=\/wp\/v2\/pages\/1470\/revisions"}],"predecessor-version":[{"id":1996,"href":"https:\/\/genblog.dl5sel.de\/index.php?rest_route=\/wp\/v2\/pages\/1470\/revisions\/1996"}],"wp:attachment":[{"href":"https:\/\/genblog.dl5sel.de\/index.php?rest_route=%2Fwp%2Fv2%2Fmedia&parent=1470"}],"curies":[{"name":"wp","href":"https:\/\/api.w.org\/{rel}","templated":true}]}}

<p>Das war eine Reise, die schon länger auf meiner Wunschliste stand: ein Besuch in Opalenica. Ich wollte mir selbst einen Eindruck von &#8222;Land und Leuten&#8220; verschaffen.</p>
<p>Im April 2014 war es dann soweit. Ein Zimmer in einer Pension in Opalenica war gebucht und ich trat die gut vierstündige Autofahrt an. In Nowy Tomisl wurde die Autobahn verlassen und die Reise auf der Straße Nr 307 fortgesetzt. Erster Eindruck: ein flaches Land, vorwiegend landwirtschaftlich geprägt.</p>
<p>Am Ortseingang von Opalenica wurde es etwas unübersichtlich. Die Stadt erhält gerade eine richtig schicke Ortsumgehungsstraße, an den Anschlüssen an die &#8222;alte&#8220; Ortsdurchfahrt werden Kreisverkehre gebaut. Der Straßenzustand an dieser Stelle war weniger gut, die Beschilderung fehlte noch komplett und ich konnte nur hoffen, dass sich wenigstens die Einheimischen auskannten. Also, eine Runde im Kreisverkehr zusätzlich und dann rein in die Stadt &#8230;</p>
<p>Die Pension war schnell gefunden, das Zimmer wurde bezogen und anschließend die Stadt zu Fuß erkundet. Erster Anlaufpunkt: das Rathaus.</p>
<p><a href="http://genblog.dl5sel.de/wp-content/uploads/2014/05/K1024_R0016728.jpg"><img loading="lazy" decoding="async" class="aligncenter size-full wp-image-1475" src="http://genblog.dl5sel.de/wp-content/uploads/2014/05/K1024_R0016728.jpg" alt="K1024_R0016728" width="1024" height="768" srcset="https://genblog.dl5sel.de/wp-content/uploads/2014/05/K1024_R0016728.jpg 1024w, https://genblog.dl5sel.de/wp-content/uploads/2014/05/K1024_R0016728-300x225.jpg 300w, https://genblog.dl5sel.de/wp-content/uploads/2014/05/K1024_R0016728-624x468.jpg 624w" sizes="auto, (max-width: 1024px) 100vw, 1024px" /></a>Leider war es an diesem Tag ein wenig regnerisch, so sehen die Bilder auch ein wenig &#8222;trüb&#8220; aus. Gleich gegenüber vom Rathaus ein Schulgebäude. Einst das Gebäude der katholischen Schule beherbergt es heute ein Gymnasium.</p>
<p><a href="http://genblog.dl5sel.de/wp-content/uploads/2014/05/K1024_R0016729.jpg"><img loading="lazy" decoding="async" class="aligncenter size-full wp-image-1476" src="http://genblog.dl5sel.de/wp-content/uploads/2014/05/K1024_R0016729.jpg" alt="K1024_R0016729" width="1024" height="768" srcset="https://genblog.dl5sel.de/wp-content/uploads/2014/05/K1024_R0016729.jpg 1024w, https://genblog.dl5sel.de/wp-content/uploads/2014/05/K1024_R0016729-300x225.jpg 300w, https://genblog.dl5sel.de/wp-content/uploads/2014/05/K1024_R0016729-624x468.jpg 624w" sizes="auto, (max-width: 1024px) 100vw, 1024px" /></a>Berühmtester Schüler war <a title="Wikipedia: Joseph Karge" href="http://en.wikipedia.org/wiki/Joseph_Karge">Joseph Karge (1823 &#8211; 1892)</a>. Nach seiner Auswanderung in die USA war er General und Lehrer an der Princeton-Universität.<br />
im nächsten Foto ist ein Teil des Marktes zu sehen.</p>
<p><a href="http://genblog.dl5sel.de/wp-content/uploads/2014/05/K1024_R0016731.jpg"><img loading="lazy" decoding="async" class="aligncenter size-full wp-image-1477" src="http://genblog.dl5sel.de/wp-content/uploads/2014/05/K1024_R0016731.jpg" alt="K1024_R0016731" width="1024" height="768" srcset="https://genblog.dl5sel.de/wp-content/uploads/2014/05/K1024_R0016731.jpg 1024w, https://genblog.dl5sel.de/wp-content/uploads/2014/05/K1024_R0016731-300x225.jpg 300w, https://genblog.dl5sel.de/wp-content/uploads/2014/05/K1024_R0016731-624x468.jpg 624w" sizes="auto, (max-width: 1024px) 100vw, 1024px" /></a>Die Häuser wurden liebevoll restauriert. Man fühlt sich unweigerlich in frühere Zeiten zurückversetzt. Als Abschluss noch ein Foto der größeren Kirche in der Stadt, der St.Matthäus-Kirche:</p>
<p><a href="http://genblog.dl5sel.de/wp-content/uploads/2014/05/K1024_R0016737-e1399069425142.jpg"><img loading="lazy" decoding="async" class="aligncenter size-full wp-image-1479" src="http://genblog.dl5sel.de/wp-content/uploads/2014/05/K1024_R0016737-e1399069425142.jpg" alt="K1024_R0016737" width="768" height="1024" srcset="https://genblog.dl5sel.de/wp-content/uploads/2014/05/K1024_R0016737-e1399069425142.jpg 768w, https://genblog.dl5sel.de/wp-content/uploads/2014/05/K1024_R0016737-e1399069425142-225x300.jpg 225w, https://genblog.dl5sel.de/wp-content/uploads/2014/05/K1024_R0016737-e1399069425142-624x832.jpg 624w" sizes="auto, (max-width: 768px) 100vw, 768px" /></a>Der Kirchturm steht separat neben dem eigentlichen Gebäude. Eigentlich eine etwas ungewöhnliche Anordnung &#8230;</p>
<p>Natürlich war ich auch in Troszczyn, dem Dorf, in dem sich mein Vorfahre <a title="WebTrees: Andreas Vogel (1739 - 1809)" href="https://genealogie.dl5sel.de/index.php?route=%2Ftree%2Freinhard%2Findividual%2FI216%2FAndreas-Vogel" target="_blank" rel="noopener noreferrer">Andreas Vogel (1739 &#8211; 1809)</a> als Siedler niederließ. Einen kleinen Eindruck vermittelt das folgende Bild:</p>
<p><a href="http://genblog.dl5sel.de/wp-content/uploads/2014/05/K1024_R0016769.jpg"><img loading="lazy" decoding="async" class="aligncenter size-full wp-image-1478" src="http://genblog.dl5sel.de/wp-content/uploads/2014/05/K1024_R0016769.jpg" alt="K1024_R0016769" width="1024" height="768" srcset="https://genblog.dl5sel.de/wp-content/uploads/2014/05/K1024_R0016769.jpg 1024w, https://genblog.dl5sel.de/wp-content/uploads/2014/05/K1024_R0016769-300x225.jpg 300w, https://genblog.dl5sel.de/wp-content/uploads/2014/05/K1024_R0016769-624x468.jpg 624w" sizes="auto, (max-width: 1024px) 100vw, 1024px" /></a>Anders als in Guben hatte ich sowohl in Opalenica als auch in Troszczyn keine Angaben über den genauen Wohnort meiner Vorfahren. Ich werde also versuchen, die Adressen noch zu ermitteln. Einen aktuellen Stadtplan habe ich bereits bei einem <a title="MapFox: Stadtplan Opalenica" href="http://www.mapfox.de/9788374450850.php" target="_blank" rel="noopener noreferrer">Internethändler </a>erwerben können. Eine Sammlung historischer Ansichtskarten der Stadt und ihrer Umgebung ist unter dem folgenden Link zu finden: <a title="extern: historische Ansichtskarten" href="http://filokartysta.prv.pl/" target="_blank" rel="noopener noreferrer">http://filokartysta.prv.pl/</a></p>
<p>Fazit: Opalenica war für mich unter Berücksichtigung der Geschichte meiner Familie sehr interessant. Die gewonnenen Eindrücke möchte ich nicht mehr missen.</p>

<p>Das war eine Reise, die schon länger auf meiner Wunschliste stand: ein Besuch in Opalenica. Ich wollte mir selbst einen Eindruck von &#8222;Land und Leuten&#8220; verschaffen. Im April 2014 war es dann soweit. Ein Zimmer in einer Pension in Opalenica war gebucht und ich trat die gut vierstündige Autofahrt an. In Nowy Tomisl wurde die [&hellip;]</p>
