{"id":1493,"date":"2014-05-15T21:28:02","date_gmt":"2014-05-15T19:28:02","guid":{"rendered":"http:\/\/genblog.dl5sel.de\/?page_id=1493"},"modified":"2020-11-01T16:14:21","modified_gmt":"2020-11-01T15:14:21","slug":"webseiten-zum-familiennamen-obst","status":"publish","type":"page","link":"https:\/\/genblog.dl5sel.de\/?page_id=1493","title":{"rendered":"Webseiten zum Familiennamen &#8222;Obst&#8220;"},"content":{"rendered":"<p>Zu meinen direkten Vorfahren geh\u00f6rt auch der Siedler Georgij Obst aus Troszczyn. Er war der Schwiegervater von Andreas Vogel (1739 &#8211; 1809) und ist damit mein f\u00fcnffacher Urgro\u00dfvater. Insofern ist es folgerichtig, dass ich auch nach dem Familiennamen &#8222;Obst&#8220; suche.<\/p>\n<p>Bei meinen Recherchen fand ich die folgende Website:<br \/>\n<a title=\"extern:   Obst - genealogia\" href=\"https:\/\/genealogia.okiem.pl\/genealogia.php?n=obst\" target=\"_blank\" rel=\"noopener noreferrer\">https:\/\/genealogia.okiem.pl\/genealogia.php?n=obst<\/a><\/p>\n<p>Aus dieser Website erscheint mir der folgende Abschnitt, den ich unver\u00e4ndert \u00fcbernommen habe, sehr interessant. Ich werde in den Originaltext <span style=\"color: #800000;\">eigene Kommentare<\/span> einf\u00fcgen, wenn ich es f\u00fcr sinnvoll oder zweckm\u00e4\u00dfig halte. Vielleicht helfen meine Anmerkungen anderen weiter &#8230;<\/p>\n<p>1. Wawrzyn Obst, ur. ok 1820 + Weronika Hommy<br \/>\n<span style=\"color: #800000;\">In meiner Datenbank findet sich ein Lorenz Obst, der &#8222;passen&#8220; k\u00f6nnte:<br \/>\n<\/span><a title=\"WebTrees: Lorenz Obst (1810 - 1884)\" href=\"https:\/\/genealogie.dl5sel.de\/index.php?route=%2Ftree%2Freinhard%2Findividual%2FI735%2FLorenz-Obst\" target=\"_blank\" rel=\"noopener noreferrer\">https:\/\/genealogie.dl5sel.de\/index.php?route=%2Ftree%2Freinhard%2Findividual%2FI735%2FLorenz-Obst<\/a><br \/>\n<span style=\"color: #800000;\">Die Eheschlie\u00dfung findet sich im Poznan-Project. Die katholische Pfarre in Opalenica verzeichnet mit Nr. 4\/1840 die Hochzeit von<br \/>\n&#8211; Laurentius Obst, 30 Jahre, Eltern: Joseph Obst, Catharina Vogel\u00a0 und<br \/>\n&#8211; Veronica Humm, 17 Jahre, Eltern: Martinus Humm, Apollonia Ritter<br \/>\nSch\u00f6ner Nebeneffekt: Ich habe eine Best\u00e4tigung f\u00fcr die Angaben in meiner Datenbank und die Familie des <a title=\"WebTrees: Martin Hum (1786 - ????)\" href=\"https:\/\/genealogie.dl5sel.de\/index.php?route=%2Ftree%2Freinhard%2Findividual%2FI744%2FMartin-Hum\" target=\"_blank\" rel=\"noopener noreferrer\">Martin Hum<\/a> &#8222;w\u00e4chst&#8220; um eine Tochter Veronica &#8230;<br \/>\n<\/span><br \/>\n1.1. Kazimierz Obst, ur. 19.08.1855 zm. 20.04.1940, poch. Brody +(1) Agnieszka Wojczewska +(2) Jadwiga Chudy [uzup: Katarzyna Otto &#8211; wnuczka Kazimierza]<br \/>\n<span style=\"color: #800000;\">Die Hochzeit von Kazimierz Obst und Agnes (Agnieszka) Wojczewska ist im Poznan-Project mit Nr. 6\/1883 f\u00fcr Opalenica angegeben. Das Poznan-Project gibt das Alter von Kazimierz mit 28 Jahren an, demnach stimmt wahrscheinlich das angegebene Geburtsdatum.<\/span><br \/>\n1.1?.1. Stanis\u0142aw, ur. 1887<br \/>\n1.1a.2. Jan Obst ur. 2.12.1889 \u0141\u0119czyca zm. 16.4.1940 Twer, poch. Miednoje, wi\u0119zie\u0144 Ostaszkowa, udzia\u0142 w Powstaniu Wielkopolskim i wojnie bolszewickiej, komendant policji w Kesowie, jego \u015bmier\u0107 w lasach katy\u0144skich do 1989 by\u0142a nieznana +(11.1921) Zofia Szpak (Szwak) 1895-1960<br \/>\n1.1a.2.1. Mieczys\u0142aw Obst ur. 1922 + J\u00f3zefa Krzemi\u0144ska ur. 03.01.1923; ojciec: J\u00f3zef Krzemi\u0144ski (zdj\u0119cie) ur. 16.3.1898 Swojczany, pow. miechowski, zm. 1940 Kozielsk, s. Marcina; matka: Aniela Ptak ur. 29.01.1890 Wilno; (rodze\u0144stwo J\u00f3zefa: Ewa Krzemi\u0144ska; rodze\u0144stwo matki: Maria Ptak + ?? Borowski (dzieci: Zbigniew Ryszard), ch\u0142opiec)<br \/>\n1.1a.2.1.1. Ewa Obst ur. 1955 (mail) + Zenon Jedynak s. Wawrzy\u0144ca i Joanny Mazurkiewicz<br \/>\n1.1a.2.1.1.1. Alicja Jedynak ur. 1979 + Micha\u0142 Gardias<br \/>\n1.1a.2.1.1.2. Joanna Jedynak ur. 1983 + \u0141ukasz Pagacz<br \/>\n1.1a.2.1.1.2.1. Igor Pagacz<br \/>\n1.1a.2.1.2. Anna Obst ur. 1959 + Andrzej Daniel<br \/>\n1.1a.2.1.2.1. Krzysztof Daniel ur. 1982<br \/>\n1.1a.2.1.2.2. Dariusz Daniel ur. 1987<br \/>\n1.1a.2.1.2.3. Piotr Daniel ur. 1989<br \/>\n1.1a.2.2. Helena Obst + Edmund Wilk<br \/>\n1.1a.2.3. Jan Obst ur. 1929 zm. 1956<br \/>\n1.1a.2.3.1. Piotr J. Obst ur. Pozna\u0144, emigracja o USA<br \/>\n1.1a.3. Maria Obst, po m\u0119\u017cu Bendowska ur 1893 zm 1969<br \/>\n1.1a.4. Bronis\u0142aw Obst, ur. 1897 zm 1945<br \/>\n1.1a.5. Wac\u0142aw Obst, ur. 1899<br \/>\n1.1a.6. Franciszek Obst, ur. 1885<br \/>\n1.1a.7. Anna Obst, ur. 1901, emigracja do USA<br \/>\n1.1b.8. Prakseda Obst, po m\u0119\u017cu B\u0142aszyk ur 1907 zm. 2003<br \/>\n1.1b.9. Stanis\u0142aw Obst, ur. 1906 zm. 1983<br \/>\n1.1b.10.W\u0142adys\u0142aw Obst, ur.1913 zm. 1988<br \/>\n1.1b.11.Jadwiga Obst, po m\u0119\u017cu Otto ur. 1914 zm. 1993<br \/>\n1.1b.12.Kazimierz Obst, ur. 1909<br \/>\n1.1b.13.J\u00f3zefa Obst, po m\u0119\u017cu Waliszak ur. 1910 zm. 1992<br \/>\n1.1b.14.Walenty Obst, ur. 1916 zm 1997<br \/>\n1.1b.15.Leon Obst,<br \/>\n1.1?.?. J\u00f3zef Obst, ur. ok. 1885<br \/>\n1.1?.?. Nikodem Obst, ur. ok. 1885<br \/>\n1.1?.?. Agnieszka Obst, ur. ok. 1885<br \/>\n1.2. Franciszek Obst, ur. 1852 Rudniki<br \/>\n1.2.1. Stanis\u0142awa Obst<br \/>\n1.2.2. Weronika Obst<br \/>\n1.2.3. J\u00f3zef Obst<br \/>\n1.2.4. W\u0142adys\u0142aw Obst<br \/>\n1.3. Jan Obst, ur. 1853 Tereprtackie<br \/>\n<span style=\"color: #800000;\">der Geburtsort war mit Sicherheit Terespotockie<\/span><br \/>\n1.3.1. W\u0142adys\u0142aw Obst<br \/>\n1.3.2. Franciszek Obst<br \/>\n1.3.3. Ignacy Obst<br \/>\n1.3.4. Maria Obst<br \/>\n1.3.5. Zofia Obst<br \/>\n1.3.6. J\u00f3zefa Obst<br \/>\n1.3.7. Stefania Obst<br \/>\n1.3.8. Pelagia Obst<br \/>\n1.4. Antoni Obst, ur. 1860 Traszczyn<br \/>\n<span style=\"color: #800000;\">Anton Obst, geboren am 27.01.1860 in Troszczyn, verheiratet mit Bronislawa Zielinska<br \/>\nDatenbank:\u00a0<\/span><a title=\"Webtrees: Anton Obst\" href=\"https:\/\/genealogie.dl5sel.de\/index.php?route=%2Ftree%2Freinhard%2Findividual%2FI605%2FAnton-Obst\" target=\"_blank\" rel=\"noopener noreferrer\">https:\/\/genealogie.dl5sel.de\/index.php?route=%2Ftree%2Freinhard%2Findividual%2FI605%2FAnton-Obst<br \/>\n<\/a><span style=\"color: #800000;\">Bisher hatte ich keine Angaben \u00fcber Kinder, die folgenden Daten muss ich daher noch pr\u00fcfen. In meiner Datenbank findet sich aber der Link zur Hochzeitsurkunde:<br \/>\n<a href=\"http:\/\/szukajwarchiwach.pl\/53\/1918\/0\/3\/44\/skan\/full\/ntP5qVh00anymNp2qgDJRw\" target=\"_blank\" rel=\"noopener noreferrer\">http:\/\/szukajwarchiwach.pl\/53\/1918\/0\/3\/44\/skan\/full\/ntP5qVh00anymNp2qgDJRw<\/a><br \/>\nNa prima. Entweder habe ich den falschen Anton Obst in meiner Datenbank oder auf der originalen Website stimmt die Zuordnung nicht oder es gibt noch einen weiteren Anton Obst &#8230;<br \/>\n<\/span>1.4.1. Luwdik Obst<br \/>\n1.4.2. Kazimierz Obst<br \/>\n1.4.3. Jan Obst<br \/>\n1.4.4. Bronis\u0142aw Obst<br \/>\n1.4.5. Joanna Obst<br \/>\n1.4.6. W\u0142adys\u0142awa Obst<br \/>\n1.4.7. Jadwiga Obst<br \/>\n1.4.8. Edmund Obst<br \/>\n1.4.9. Stanis\u0142awa Obst<br \/>\n1.4.10.Marianna Obst<br \/>\n1.5. J\u00f3zef Obst, ur. 1868 D\u0142uga Gallina +(1) Marta Strzykowska +(2) Stnis\u0142awa Vogak<br \/>\n<span style=\"color: #800000;\">Die zweite Ehefrau k\u00f6nnte <a title=\"WebTrees: Stanislawa Vogel (1869 - ????)\" href=\"http:\/\/genealogie.dl5sel.de\/individual.php?pid=I601&amp;ged=reinhard\" target=\"_blank\" rel=\"noopener noreferrer\">Stanislawa Vogel<\/a> gewesen sein &#8230;<\/span><br \/>\n1.5.1. Jan Obst<br \/>\n1.5.2. Maria Obst<\/p>\n<p>2. J\u00f3zef Obst + Weronika Wojczewska<br \/>\n<span style=\"color: #993300;\">In meiner Datenbank ist dieses Ehepaar &#8222;gelistet&#8220;:<\/span><\/p>\n<p><a href=\"https:\/\/genealogie.dhttps:\/\/genealogie.dl5sel.de\/index.php?route=%2Ftree%2Freinhard%2Findividual%2FI601%2FStanislawa-Vogell5sel.de\/index.php?route=%2Ftree%2Freinhard%2Findividual%2FI601%2FStanislawa-Vogel\"><span style=\"color: #993300;\">https:\/\/genealogie.dl5sel.de\/index.php?route=%2Ftree%2Freinhard%2Findividual%2FI601%2FStanislawa-Vogel<\/span><\/a><br \/>\n<span style=\"color: #800000;\">Nach meinen Unterlagen geh\u00f6ren zur Familie mindestens zwei Kinder, darunter auch der unter der Nummer 1.4 aufgef\u00fchrte <a title=\"WebTrees: Anton Obst (1860 - ????)\" href=\"https:\/\/genealogie.dl5sel.de\/index.php?route=%2Ftree%2Freinhard%2Findividual%2FI605%2FAnton-Obst\" target=\"_blank\" rel=\"noopener noreferrer\">Anton Obst (1860 &#8211; ????)<\/a>.<br \/>\nMeine Datenbank ist allerdings hinsichtlich der Abstammung von Antons Ehefrau <a title=\"WebTrees: Bronislawa Zielinska (1869 - ????)\" href=\"https:\/\/genealogie.dl5sel.de\/index.php?route=%2Ftree%2Freinhard%2Findividual%2FI606%2FBronislawa-Zielinska\" target=\"_blank\" rel=\"noopener noreferrer\">Bronislawa geb. Zielinska<\/a> noch unvollst\u00e4ndig. Antons Schwiegermutter war eine geborene &#8222;Obst&#8220;: Anna Obst &#8230;<br \/>\n<\/span><\/p>\n","protected":false},"excerpt":{"rendered":"<p>Zu meinen direkten Vorfahren geh\u00f6rt auch der Siedler Georgij Obst aus Troszczyn. Er war der Schwiegervater von Andreas Vogel (1739 &#8211; 1809) und ist damit mein f\u00fcnffacher Urgro\u00dfvater. Insofern ist es folgerichtig, dass ich auch nach dem Familiennamen &#8222;Obst&#8220; suche. Bei meinen Recherchen fand ich die folgende Website: https:\/\/genealogia.okiem.pl\/genealogia.php?n=obst Aus dieser Website erscheint mir der [&hellip;]<\/p>\n","protected":false},"author":1,"featured_media":0,"parent":0,"menu_order":0,"comment_status":"closed","ping_status":"closed","template":"","meta":{"footnotes":""},"class_list":["post-1493","page","type-page","status-publish","hentry"],"_links":{"self":[{"href":"https:\/\/genblog.dl5sel.de\/index.php?rest_route=\/wp\/v2\/pages\/1493","targetHints":{"allow":["GET"]}}],"collection":[{"href":"https:\/\/genblog.dl5sel.de\/index.php?rest_route=\/wp\/v2\/pages"}],"about":[{"href":"https:\/\/genblog.dl5sel.de\/index.php?rest_route=\/wp\/v2\/types\/page"}],"author":[{"embeddable":true,"href":"https:\/\/genblog.dl5sel.de\/index.php?rest_route=\/wp\/v2\/users\/1"}],"replies":[{"embeddable":true,"href":"https:\/\/genblog.dl5sel.de\/index.php?rest_route=%2Fwp%2Fv2%2Fcomments&post=1493"}],"version-history":[{"count":10,"href":"https:\/\/genblog.dl5sel.de\/index.php?rest_route=\/wp\/v2\/pages\/1493\/revisions"}],"predecessor-version":[{"id":2011,"href":"https:\/\/genblog.dl5sel.de\/index.php?rest_route=\/wp\/v2\/pages\/1493\/revisions\/2011"}],"wp:attachment":[{"href":"https:\/\/genblog.dl5sel.de\/index.php?rest_route=%2Fwp%2Fv2%2Fmedia&parent=1493"}],"curies":[{"name":"wp","href":"https:\/\/api.w.org\/{rel}","templated":true}]}}