{"id":1731,"date":"2016-04-11T10:51:22","date_gmt":"2016-04-11T08:51:22","guid":{"rendered":"http:\/\/genblog.dl5sel.de\/?page_id=1731"},"modified":"2020-11-01T15:58:11","modified_gmt":"2020-11-01T14:58:11","slug":"stolpmuende-eldoradoweg-2","status":"publish","type":"page","link":"https:\/\/genblog.dl5sel.de\/?page_id=1731","title":{"rendered":"Ustka (Stolpm\u00fcnde)"},"content":{"rendered":"<p>Eldoradoweg 2 in Stolpm\u00fcnde lautete die Adresse der Familie Ernst und Wilhelmine M\u00fcnchow &#8211; das waren meine Urgro\u00dfeltern &#8211; nach ihrem Umzug aus R\u00fcgenwalderm\u00fcnde. Der Umzug fand zwischen 1887 und 1889 statt: Meine Gro\u00dfmutter <a href=\"https:\/\/genealogie.dl5sel.de\/index.php?route=%2Ftree%2Freinhard%2Findividual%2FI12%2FMarie-Munchow\" target=\"_blank\" rel=\"noopener noreferrer\">Marie M\u00fcnchow (1887 &#8211; 1972)<\/a> wurde noch in R\u00fcgenwalderm\u00fcnde geboren, ihr um zwei Jahre J\u00fcngerer Bruder <a href=\"https:\/\/genealogie.dl5sel.de\/index.php?route=%2Ftree%2Freinhard%2Findividual%2FI36%2FFriedrich-Munchow\" target=\"_blank\" rel=\"noopener noreferrer\">Friedrich M\u00fcnchow (1889 &#8211; 1970)<\/a> bereits in Stolpm\u00fcnde.<\/p>\n<p>Ostern 2016 war ich in Stolpm\u00fcnde &#8211; dem heutigen Ustka. Der fr\u00fchere Eldoradoweg hei\u00dft heute ul. Bohaterow Westerplatte. Durch Vergleich eines alten <a href=\"http:\/\/www.fotosik.pl\/zdjecie\/pelne\/c42bfa9418552d96\" target=\"_blank\" rel=\"noopener noreferrer\">Stolpm\u00fcnder Stadtplanes<\/a> mit einem aktuellen konnte ich die Stelle ausfindig machen, an der die M\u00fcnchows gewohnt haben. Aber: Dort befindet sich heute ein Neubaugebiet, wie im folgenden Bild zu sehen ist:<\/p>\n<p><img loading=\"lazy\" decoding=\"async\" class=\"aligncenter size-large wp-image-1718\" src=\"http:\/\/genblog.dl5sel.de\/wp-content\/uploads\/2016\/04\/K1024_P1110007-1024x768.jpg\" alt=\"K1024_P1110007\" width=\"625\" height=\"469\" srcset=\"https:\/\/genblog.dl5sel.de\/wp-content\/uploads\/2016\/04\/K1024_P1110007.jpg 1024w, https:\/\/genblog.dl5sel.de\/wp-content\/uploads\/2016\/04\/K1024_P1110007-300x225.jpg 300w, https:\/\/genblog.dl5sel.de\/wp-content\/uploads\/2016\/04\/K1024_P1110007-768x576.jpg 768w, https:\/\/genblog.dl5sel.de\/wp-content\/uploads\/2016\/04\/K1024_P1110007-624x468.jpg 624w\" sizes=\"auto, (max-width: 625px) 100vw, 625px\" \/><\/p>\n<p>Das Haus mit dem T\u00fcrmchen auf der rechten Seite ist eine Pension und hat die Adresse ul. Bohaterow Westerplatte 5. Die am linken Bildrand zu erkennenden H\u00e4user zeigt die n\u00e4chste Aufnahme vielleicht etwas deutlicher<\/p>\n<p><img loading=\"lazy\" decoding=\"async\" class=\"aligncenter size-large wp-image-1719\" src=\"http:\/\/genblog.dl5sel.de\/wp-content\/uploads\/2016\/04\/K1024_P1110008-1024x768.jpg\" alt=\"K1024_P1110008\" width=\"625\" height=\"469\" srcset=\"https:\/\/genblog.dl5sel.de\/wp-content\/uploads\/2016\/04\/K1024_P1110008.jpg 1024w, https:\/\/genblog.dl5sel.de\/wp-content\/uploads\/2016\/04\/K1024_P1110008-300x225.jpg 300w, https:\/\/genblog.dl5sel.de\/wp-content\/uploads\/2016\/04\/K1024_P1110008-768x576.jpg 768w, https:\/\/genblog.dl5sel.de\/wp-content\/uploads\/2016\/04\/K1024_P1110008-624x468.jpg 624w\" sizes=\"auto, (max-width: 625px) 100vw, 625px\" \/><\/p>\n<p>Die ul. Bohaterow Westerplatte f\u00fchrt unmittelbar durch das Hafengebiet und geh\u00f6rt noch zur DK21 (Droga Kraiova 21). Vom Hafen aus sieht das Ostufer der Stolpe (polnisch: S\u0142upia) so aus:<img loading=\"lazy\" decoding=\"async\" class=\"aligncenter size-large wp-image-1720\" src=\"http:\/\/genblog.dl5sel.de\/wp-content\/uploads\/2016\/04\/K1024_P1100998-1024x768.jpg\" alt=\"K1024_P1100998\" width=\"625\" height=\"469\" srcset=\"https:\/\/genblog.dl5sel.de\/wp-content\/uploads\/2016\/04\/K1024_P1100998.jpg 1024w, https:\/\/genblog.dl5sel.de\/wp-content\/uploads\/2016\/04\/K1024_P1100998-300x225.jpg 300w, https:\/\/genblog.dl5sel.de\/wp-content\/uploads\/2016\/04\/K1024_P1100998-768x576.jpg 768w, https:\/\/genblog.dl5sel.de\/wp-content\/uploads\/2016\/04\/K1024_P1100998-624x468.jpg 624w\" sizes=\"auto, (max-width: 625px) 100vw, 625px\" \/>Von der Ostmole aus pr\u00e4sentiert sich Ustka so:<\/p>\n<p><img loading=\"lazy\" decoding=\"async\" class=\"aligncenter size-large wp-image-1721\" src=\"http:\/\/genblog.dl5sel.de\/wp-content\/uploads\/2016\/04\/K1024_P1100982-1024x768.jpg\" alt=\"K1024_P1100982\" width=\"625\" height=\"469\" srcset=\"https:\/\/genblog.dl5sel.de\/wp-content\/uploads\/2016\/04\/K1024_P1100982.jpg 1024w, https:\/\/genblog.dl5sel.de\/wp-content\/uploads\/2016\/04\/K1024_P1100982-300x225.jpg 300w, https:\/\/genblog.dl5sel.de\/wp-content\/uploads\/2016\/04\/K1024_P1100982-768x576.jpg 768w, https:\/\/genblog.dl5sel.de\/wp-content\/uploads\/2016\/04\/K1024_P1100982-624x468.jpg 624w\" sizes=\"auto, (max-width: 625px) 100vw, 625px\" \/><\/p>\n<p>Rechts ist der alte Leuchtturm zu sehen, der w\u00e4hrend der Sommersaison auch besichtigt werden kann. Zu den weiteren Sehensw\u00fcrdigkeiten in Ustka geh\u00f6ren:<\/p>\n<ul>\n<li>die Fu\u00dfg\u00e4ngerbr\u00fccke, eine futuristisch anmutende Schr\u00e4gseilkonstruktion, die zur Seite geklappt wird, um Schiffen die Einfahrt in den Hafen zu erm\u00f6glichen,<\/li>\n<\/ul>\n<p><img loading=\"lazy\" decoding=\"async\" class=\"aligncenter size-large wp-image-1722\" src=\"http:\/\/genblog.dl5sel.de\/wp-content\/uploads\/2016\/04\/K1024_P1100983-1024x768.jpg\" alt=\"K1024_P1100983\" width=\"625\" height=\"469\" srcset=\"https:\/\/genblog.dl5sel.de\/wp-content\/uploads\/2016\/04\/K1024_P1100983.jpg 1024w, https:\/\/genblog.dl5sel.de\/wp-content\/uploads\/2016\/04\/K1024_P1100983-300x225.jpg 300w, https:\/\/genblog.dl5sel.de\/wp-content\/uploads\/2016\/04\/K1024_P1100983-768x576.jpg 768w, https:\/\/genblog.dl5sel.de\/wp-content\/uploads\/2016\/04\/K1024_P1100983-624x468.jpg 624w\" sizes=\"auto, (max-width: 625px) 100vw, 625px\" \/><\/p>\n<ul>\n<li>die fr\u00fchere evangelische Erl\u00f6ser-Kirche, unter der Leitung des Schiffszimmermanns Franz Draheim in den Jahren 1885 &#8211; 1888 erbaut.<\/li>\n<\/ul>\n<p><img loading=\"lazy\" decoding=\"async\" class=\"aligncenter size-large wp-image-1723\" src=\"http:\/\/genblog.dl5sel.de\/wp-content\/uploads\/2016\/04\/K1024_P1110059-e1460294240584-768x1024.jpg\" alt=\"K1024_P1110059\" width=\"625\" height=\"833\" srcset=\"https:\/\/genblog.dl5sel.de\/wp-content\/uploads\/2016\/04\/K1024_P1110059-e1460294240584.jpg 768w, https:\/\/genblog.dl5sel.de\/wp-content\/uploads\/2016\/04\/K1024_P1110059-e1460294240584-225x300.jpg 225w, https:\/\/genblog.dl5sel.de\/wp-content\/uploads\/2016\/04\/K1024_P1110059-e1460294240584-624x832.jpg 624w\" sizes=\"auto, (max-width: 625px) 100vw, 625px\" \/><\/p>\n<p>Das Steinkreuz vor der Kirche k\u00f6nnte urspr\u00fcnglich ein Gedenkstein f\u00fcr die Gefallenen des ersten Weltkrieges (&#8222;Kriegerdenkmal&#8220;) gewesen sein. Leider haben sich evtl. einst vorhandene Inschriften nicht erhalten. Auch die Umgebung der Kirche enth\u00e4lt keine Hinweise mehr auf die bis 1945 hier ans\u00e4ssige deutsche Bev\u00f6lkerung.<\/p>\n<ul>\n<li>Bismarcks &#8222;Ferienhaus&#8220;, die heutige &#8222;Villa Red&#8220;<\/li>\n<\/ul>\n<p><img loading=\"lazy\" decoding=\"async\" class=\"aligncenter size-large wp-image-1724\" src=\"http:\/\/genblog.dl5sel.de\/wp-content\/uploads\/2016\/04\/K1024_P1110061-e1460294254204-768x1024.jpg\" alt=\"K1024_P1110061\" width=\"625\" height=\"833\" srcset=\"https:\/\/genblog.dl5sel.de\/wp-content\/uploads\/2016\/04\/K1024_P1110061-e1460294254204.jpg 768w, https:\/\/genblog.dl5sel.de\/wp-content\/uploads\/2016\/04\/K1024_P1110061-e1460294254204-225x300.jpg 225w, https:\/\/genblog.dl5sel.de\/wp-content\/uploads\/2016\/04\/K1024_P1110061-e1460294254204-624x832.jpg 624w\" sizes=\"auto, (max-width: 625px) 100vw, 625px\" \/><\/p>\n<p>Zum Abschluss noch eine fotografische Impression vom Strand in Stolpm\u00fcnde.<\/p>\n<p><img loading=\"lazy\" decoding=\"async\" class=\"aligncenter size-large wp-image-1725\" src=\"http:\/\/genblog.dl5sel.de\/wp-content\/uploads\/2016\/04\/K1024_P1110295-1024x768.jpg\" alt=\"K1024_P1110295\" width=\"625\" height=\"469\" srcset=\"https:\/\/genblog.dl5sel.de\/wp-content\/uploads\/2016\/04\/K1024_P1110295.jpg 1024w, https:\/\/genblog.dl5sel.de\/wp-content\/uploads\/2016\/04\/K1024_P1110295-300x225.jpg 300w, https:\/\/genblog.dl5sel.de\/wp-content\/uploads\/2016\/04\/K1024_P1110295-768x576.jpg 768w, https:\/\/genblog.dl5sel.de\/wp-content\/uploads\/2016\/04\/K1024_P1110295-624x468.jpg 624w\" sizes=\"auto, (max-width: 625px) 100vw, 625px\" \/><\/p>\n<p>Dabei f\u00e4llt mir eine Stelle aus dem Buch &#8222;Eine Flucht aus verlorenem Lande&#8220; von <a href=\"https:\/\/genealogie.dl5sel.de\/index.php?route=%2Ftree%2Freinhard%2Findividual%2FI34%2FWerner-Herrmann\" target=\"_blank\" rel=\"noopener noreferrer\">Werner Herrmann (1921 &#8211; 2014)<\/a> ein: &#8222;&#8230; hat all seinen Geschwistern eine feine Federzeichnung von der Stolpm\u00fcnder K\u00fcstenlandschaft mit dem w\u00f6rtlichen Zusatz aus dem Pommernlied: blaue W\u00e4lder kr\u00f6nen, wei\u00dfer D\u00fcnensand geschenkt.&#8220; &#8211; Meine Gro\u00dfmutter, die eine Tante Werner Herrmanns war, hatte dieses Bild noch. Der Verbleib ist mir leider unbekannt. Vielleicht findet sich irgendwo noch ein Exemplar &#8230;<\/p>\n","protected":false},"excerpt":{"rendered":"<p>Eldoradoweg 2 in Stolpm\u00fcnde lautete die Adresse der Familie Ernst und Wilhelmine M\u00fcnchow &#8211; das waren meine Urgro\u00dfeltern &#8211; nach ihrem Umzug aus R\u00fcgenwalderm\u00fcnde. Der Umzug fand zwischen 1887 und 1889 statt: Meine Gro\u00dfmutter Marie M\u00fcnchow (1887 &#8211; 1972) wurde noch in R\u00fcgenwalderm\u00fcnde geboren, ihr um zwei Jahre J\u00fcngerer Bruder Friedrich M\u00fcnchow (1889 &#8211; 1970) [&hellip;]<\/p>\n","protected":false},"author":1,"featured_media":0,"parent":0,"menu_order":0,"comment_status":"closed","ping_status":"closed","template":"","meta":{"footnotes":""},"class_list":["post-1731","page","type-page","status-publish","hentry"],"_links":{"self":[{"href":"https:\/\/genblog.dl5sel.de\/index.php?rest_route=\/wp\/v2\/pages\/1731","targetHints":{"allow":["GET"]}}],"collection":[{"href":"https:\/\/genblog.dl5sel.de\/index.php?rest_route=\/wp\/v2\/pages"}],"about":[{"href":"https:\/\/genblog.dl5sel.de\/index.php?rest_route=\/wp\/v2\/types\/page"}],"author":[{"embeddable":true,"href":"https:\/\/genblog.dl5sel.de\/index.php?rest_route=\/wp\/v2\/users\/1"}],"replies":[{"embeddable":true,"href":"https:\/\/genblog.dl5sel.de\/index.php?rest_route=%2Fwp%2Fv2%2Fcomments&post=1731"}],"version-history":[{"count":5,"href":"https:\/\/genblog.dl5sel.de\/index.php?rest_route=\/wp\/v2\/pages\/1731\/revisions"}],"predecessor-version":[{"id":2008,"href":"https:\/\/genblog.dl5sel.de\/index.php?rest_route=\/wp\/v2\/pages\/1731\/revisions\/2008"}],"wp:attachment":[{"href":"https:\/\/genblog.dl5sel.de\/index.php?rest_route=%2Fwp%2Fv2%2Fmedia&parent=1731"}],"curies":[{"name":"wp","href":"https:\/\/api.w.org\/{rel}","templated":true}]}}