{"id":379,"date":"2012-09-30T23:19:57","date_gmt":"2012-09-30T21:19:57","guid":{"rendered":"http:\/\/19matt57.cwsurf.de\/wordpress\/?page_id=379"},"modified":"2020-10-31T18:02:02","modified_gmt":"2020-10-31T17:02:02","slug":"andreas-vogel-ca-1739-01-02-1809","status":"publish","type":"page","link":"https:\/\/genblog.dl5sel.de\/?page_id=379","title":{"rendered":"Andreas Vogel (ca. 1739 &#8211; 01.02.1809)"},"content":{"rendered":"<p><a title=\"Datenbank: Andreas Vogel (ca. 1739 - 1809)\" href=\"https:\/\/genealogie.dl5sel.de\/index.php?route=%2Ftree%2Freinhard%2Findividual%2FI216%2FAndreas-Vogel\" target=\"_blank\" rel=\"noopener noreferrer\">Andreas Vogel (Fogiel)<\/a> ist der derzeitige Spitzenahn &#8222;meiner&#8220; Familie Vogel. In den Kirchenb\u00fcchern von Opalenica habe ich einige Eintr\u00e4ge gefunden, in denen mein Ururururgro\u00dfvater genannt wird:<\/p>\n<p>Am 09.06.1768 findet sich der erste mir bisher bekannte Hinweis auf meinen Vorfahren. Andreas war Taufzeuge bei der Taufe von Anna Dorothea, Tochter des Paares Martin und Marianna Elisabeth Zaysler aus Troszczyn. Ich kann daher davon ausgehen, dass er 1768 bereits in Troszczyn ans\u00e4ssig war.<\/p>\n<p>Andreas heiratete am 25.02.1772 in Troszczyner Hauland seine Ehefrau <a title=\"Datenbank: Marianna Vogel\" href=\"https:\/\/genealogie.dl5sel.de\/index.php?route=%2Ftree%2Freinhard%2Findividual%2FI217%2FMarianna-Obst\" target=\"_blank\" rel=\"noopener noreferrer\">Marianna<\/a>. An dieser Stelle findet sich leider kein Hinweis auf sein Alter, seine Eltern und seine Herkunft. Vermerkt ist nur Mariannas Vater, <a title=\"Datenbank: Georgij Obst\" href=\"https:\/\/genealogie.dl5sel.de\/index.php?route=%2Ftree%2Freinhard%2Findividual%2FI439%2FGeorgij-Obst\" target=\"_blank\" rel=\"noopener noreferrer\">Georgij Ubs (Obst)<\/a> aus Troszczyn. Au\u00dferdem fand ich Kirchenbucheintr\u00e4ge \u00fcber die Taufen der Kinder von Andreas und Marianna. Am 03.10.1773 wurde die Taufe der ersten Tochter Barbara Elisabeth im Troszczyner Hauland verzeichnet. Am 02.11.1778 wurde\u00a0 <a title=\"Datenbank: Martinus Vogel\" href=\"https:\/\/genealogie.dl5sel.de\/index.php?route=%2Ftree%2Freinhard%2Findividual%2FI120%2FMartinus-Vogel\" target=\"_blank\" rel=\"nofollow noopener noreferrer\">Martinus<\/a>, ihr erster Sohn, ebenfalls im Troszczyner Hauland getauft. Im Taufeintrag ist als Datum der Geburt der 25.10.1778 vermerkt, ein Hinweis, der in vielen Taufeintr\u00e4gen fehlt. Insgesamt k\u00f6nnen wir Andreas und Marianna Vogel bzw. Fogiel 4 T\u00f6chter und 3 S\u00f6hne zuordnen.<\/p>\n<p>Am 01.02.1809 starb Andreas in Troszczyn. Im Kirchenbuch wurde sein Alter mit 70 Jahren angegeben, aber das kann auch eine Sch\u00e4tzung gewesen sein. Aus dieser Angabe habe ich als Geburtsjahr 1739 errechnet.<\/p>\n<p>Soweit die bekannten Fakten. Die folgenden Ausf\u00fchrungen st\u00fctzen sich auf einzelne Fundstellen im Internet. Es k\u00f6nnte so gewesen sein, ist aber im Moment nur eine Arbeitstheorie.<\/p>\n<p>Polnische Gro\u00dfgrundbesitzer holten etwa ab der Mitte des 18. Jahrhunderts Siedler auf ihre L\u00e4ndereien. Gro\u00dfe Teile Polens waren damals von W\u00e4ldern und S\u00fcmpfen bedeckt, von einer gewinnbringenden Landwirtschaft konnte eigentlich keine Rede sein. Die Siedler sollten diesen Zustand nachhaltig \u00e4ndern. In diesem Zusammenhang ist die Webseite <a title=\"externer Link: www.woyth.de\" href=\"http:\/\/www.woyth.de\/html\/zur_geschichte_der_menschen_im.html\" target=\"_blank\" rel=\"nofollow noopener noreferrer\">&#8222;Zur Geschichte der Menschen im Gebiet der Provinz Posen&#8220;<\/a> von Matthias Woyth sehr interessant. In der Umgebung von Opalenitza hat es mindestens eine solche Ansiedlung, z.B. das <a href=\"http:\/\/www.woydt.be\/genealogie\/g17\/g178\/1780wojo01.htm\" target=\"_blank\" rel=\"nofollow noopener noreferrer\">&#8222;Troszczyner Hauland \/ Opalinicer Wiesenhauland&#8220;<\/a> gegeben. Auch im Artikel von Zofia Zierhofferowa <a href=\"http:\/\/holland.org.pl\/art.php?kat=art&amp;dzial=konf_2001&amp;id=6&amp;lang=en\" rel=\"nofollow\">&#8222;Names of Ol\u0119der settlements in Wielkopolska. Origins and changes&#8220;<\/a> findet sich ein Hinweis auf &#8222;Troszczy\u0144skie Ol\u0119dry&#8220;. (Anm.: das polnische Wort &#8222;Ol\u0119dry&#8220; wird &#8222;Olendrie&#8220; ausgesprochen und ist eigentlich eine lautliche \u00dcbertragung des deutschen Wortes &#8222;Holl\u00e4nderei&#8220;.)<\/p>\n<p>Andreas k\u00f6nnte ein deutscher Siedler gewesen sein, der sich etwa 1768 in dem als Hauland neu gegr\u00fcndeten Dorf Troszczyn in der Umgebung von Opalenitza niederlie\u00df. Die Siedler wurden von Beauftragten der polnischen Grundbesitzer angeworben. Die deutschen &#8222;Beh\u00f6rden&#8220; f\u00fchrten \u00fcber die Auswanderung keine Listen und wenn sich nicht ein Ansiedlungsvertrag findet, ist die genaue Herkunft eigentlich nicht mehr nachzuweisen.<\/p>\n<p>Meistens kamen die Siedler nicht allein, sondern mit ihren Familien. Es ist anzunehmen, dass das auch bei Andreas der Fall war. Ob allerdings <a title=\"Datenbank: Joannis Fogiel\" href=\"https:\/\/genealogie.dl5sel.de\/index.php?route=%2Ftree%2Freinhard%2Findividual%2FI429%2FJoannis-Fogiel\" target=\"_blank\" rel=\"noopener noreferrer\">Joannis Fogiel<\/a> ein Bruder von Andreas war, l\u00e4sst sich bei meinem aktuellen Wissensstand nicht beweisen. Bemerkenswert ist auf jeden Fall die Tatsache, dass sowohl Andreas als auch Joannis ihren \u00e4ltesten Sohn jeweils Martinus nannten. Verbirgt sich dahinter ein Hinweis auf einen gemeinsamen Vorfahren? Sollte es sich best\u00e4tigen, dass Andreas und Joannis Br\u00fcder waren, dann ist die Familie Vogel wahrscheinlich sehr viel gr\u00f6\u00dfer als ich bisher angenommen habe.<\/p>\n<p>Jetzt bleibt nur noch, die Lebenszeit von Andreas historisch einzuordnen.<\/p>\n<p>&#8211; Friedrich II, K\u00f6nig in Preu\u00dfen (* 24. Januar 1712 in Berlin ; \u2020 17. August 1786 in Potsdam).<br \/>\n&#8211; Friedrich August II, Kurf\u00fcrst von Sachsen (* 17. Oktober 1696 in Dresden; \u2020 5. Oktober 1763 in Dresden), Sohn &#8222;Augusts des Starken&#8220;<br \/>\n&#8211; 17. Januar 1734: Friedrich August II. wird als August III. zum polnischen K\u00f6nig gew\u00e4hlt.<br \/>\n&#8211; Siebenj\u00e4hriger Krieg: 1756 &#8211; 1763<br \/>\n&#8211; 1772, 1793 und 1795: Polnische Teilungen, das Gebiet um Opalenitza f\u00e4llt an Preu\u00dfen.<br \/>\n&#8211; 1807 bis 1815: Napoleon errichtet das &#8222;Herzogtum Warschau&#8220;, Friedrich August III., Kurf\u00fcrst von Sachsen, wird als Friedrich August I. Herzog in Warschau<br \/>\n&#8211; 1815 &#8222;Wiener Kongress&#8220;, das Gebiet um Opalenitza f\u00e4llt wieder an Preu\u00dfen.<\/p>\n<p>Es ging also in Opalenitza im wahrsten Sinne des Wortes &#8222;drunter und dr\u00fcber&#8220;. Politisch stabile Verh\u00e4ltnisse sehen anders aus. Die Urenkel von Andreas, allen voran <a title=\"Datenbank: Anton Vogel\" href=\"https:\/\/genealogie.dl5sel.de\/index.php?route=%2Ftree%2Freinhard%2Findividual%2FI18%2FAnton-Vogel\" target=\"_blank\" rel=\"nofollow noopener noreferrer\">Anton Vogel<\/a> wanderten daher wieder in die preu\u00dfischen Stammlande zur\u00fcck. Aber dazu an anderer Stelle mehr.<\/p>\n","protected":false},"excerpt":{"rendered":"<p>Andreas Vogel (Fogiel) ist der derzeitige Spitzenahn &#8222;meiner&#8220; Familie Vogel. In den Kirchenb\u00fcchern von Opalenica habe ich einige Eintr\u00e4ge gefunden, in denen mein Ururururgro\u00dfvater genannt wird: Am 09.06.1768 findet sich der erste mir bisher bekannte Hinweis auf meinen Vorfahren. Andreas war Taufzeuge bei der Taufe von Anna Dorothea, Tochter des Paares Martin und Marianna Elisabeth [&hellip;]<\/p>\n","protected":false},"author":1,"featured_media":0,"parent":0,"menu_order":0,"comment_status":"closed","ping_status":"closed","template":"","meta":{"footnotes":""},"class_list":["post-379","page","type-page","status-publish","hentry"],"_links":{"self":[{"href":"https:\/\/genblog.dl5sel.de\/index.php?rest_route=\/wp\/v2\/pages\/379","targetHints":{"allow":["GET"]}}],"collection":[{"href":"https:\/\/genblog.dl5sel.de\/index.php?rest_route=\/wp\/v2\/pages"}],"about":[{"href":"https:\/\/genblog.dl5sel.de\/index.php?rest_route=\/wp\/v2\/types\/page"}],"author":[{"embeddable":true,"href":"https:\/\/genblog.dl5sel.de\/index.php?rest_route=\/wp\/v2\/users\/1"}],"replies":[{"embeddable":true,"href":"https:\/\/genblog.dl5sel.de\/index.php?rest_route=%2Fwp%2Fv2%2Fcomments&post=379"}],"version-history":[{"count":10,"href":"https:\/\/genblog.dl5sel.de\/index.php?rest_route=\/wp\/v2\/pages\/379\/revisions"}],"predecessor-version":[{"id":1948,"href":"https:\/\/genblog.dl5sel.de\/index.php?rest_route=\/wp\/v2\/pages\/379\/revisions\/1948"}],"wp:attachment":[{"href":"https:\/\/genblog.dl5sel.de\/index.php?rest_route=%2Fwp%2Fv2%2Fmedia&parent=379"}],"curies":[{"name":"wp","href":"https:\/\/api.w.org\/{rel}","templated":true}]}}

<p><a title="Datenbank: Andreas Vogel (ca. 1739 - 1809)" href="https://genealogie.dl5sel.de/index.php?route=%2Ftree%2Freinhard%2Findividual%2FI216%2FAndreas-Vogel" target="_blank" rel="noopener noreferrer">Andreas Vogel (Fogiel)</a> ist der derzeitige Spitzenahn &#8222;meiner&#8220; Familie Vogel. In den Kirchenbüchern von Opalenica habe ich einige Einträge gefunden, in denen mein Ururururgroßvater genannt wird:</p>
<p>Am 09.06.1768 findet sich der erste mir bisher bekannte Hinweis auf meinen Vorfahren. Andreas war Taufzeuge bei der Taufe von Anna Dorothea, Tochter des Paares Martin und Marianna Elisabeth Zaysler aus Troszczyn. Ich kann daher davon ausgehen, dass er 1768 bereits in Troszczyn ansässig war.</p>
<p>Andreas heiratete am 25.02.1772 in Troszczyner Hauland seine Ehefrau <a title="Datenbank: Marianna Vogel" href="https://genealogie.dl5sel.de/index.php?route=%2Ftree%2Freinhard%2Findividual%2FI217%2FMarianna-Obst" target="_blank" rel="noopener noreferrer">Marianna</a>. An dieser Stelle findet sich leider kein Hinweis auf sein Alter, seine Eltern und seine Herkunft. Vermerkt ist nur Mariannas Vater, <a title="Datenbank: Georgij Obst" href="https://genealogie.dl5sel.de/index.php?route=%2Ftree%2Freinhard%2Findividual%2FI439%2FGeorgij-Obst" target="_blank" rel="noopener noreferrer">Georgij Ubs (Obst)</a> aus Troszczyn. Außerdem fand ich Kirchenbucheinträge über die Taufen der Kinder von Andreas und Marianna. Am 03.10.1773 wurde die Taufe der ersten Tochter Barbara Elisabeth im Troszczyner Hauland verzeichnet. Am 02.11.1778 wurde  <a title="Datenbank: Martinus Vogel" href="https://genealogie.dl5sel.de/index.php?route=%2Ftree%2Freinhard%2Findividual%2FI120%2FMartinus-Vogel" target="_blank" rel="nofollow noopener noreferrer">Martinus</a>, ihr erster Sohn, ebenfalls im Troszczyner Hauland getauft. Im Taufeintrag ist als Datum der Geburt der 25.10.1778 vermerkt, ein Hinweis, der in vielen Taufeinträgen fehlt. Insgesamt können wir Andreas und Marianna Vogel bzw. Fogiel 4 Töchter und 3 Söhne zuordnen.</p>
<p>Am 01.02.1809 starb Andreas in Troszczyn. Im Kirchenbuch wurde sein Alter mit 70 Jahren angegeben, aber das kann auch eine Schätzung gewesen sein. Aus dieser Angabe habe ich als Geburtsjahr 1739 errechnet.</p>
<p>Soweit die bekannten Fakten. Die folgenden Ausführungen stützen sich auf einzelne Fundstellen im Internet. Es könnte so gewesen sein, ist aber im Moment nur eine Arbeitstheorie.</p>
<p>Polnische Großgrundbesitzer holten etwa ab der Mitte des 18. Jahrhunderts Siedler auf ihre Ländereien. Große Teile Polens waren damals von Wäldern und Sümpfen bedeckt, von einer gewinnbringenden Landwirtschaft konnte eigentlich keine Rede sein. Die Siedler sollten diesen Zustand nachhaltig ändern. In diesem Zusammenhang ist die Webseite <a title="externer Link: www.woyth.de" href="http://www.woyth.de/html/zur_geschichte_der_menschen_im.html" target="_blank" rel="nofollow noopener noreferrer">&#8222;Zur Geschichte der Menschen im Gebiet der Provinz Posen&#8220;</a> von Matthias Woyth sehr interessant. In der Umgebung von Opalenitza hat es mindestens eine solche Ansiedlung, z.B. das <a href="http://www.woydt.be/genealogie/g17/g178/1780wojo01.htm" target="_blank" rel="nofollow noopener noreferrer">&#8222;Troszczyner Hauland / Opalinicer Wiesenhauland&#8220;</a> gegeben. Auch im Artikel von Zofia Zierhofferowa <a href="http://holland.org.pl/art.php?kat=art&amp;dzial=konf_2001&amp;id=6&amp;lang=en" rel="nofollow">&#8222;Names of Olęder settlements in Wielkopolska. Origins and changes&#8220;</a> findet sich ein Hinweis auf &#8222;Troszczyńskie Olędry&#8220;. (Anm.: das polnische Wort &#8222;Olędry&#8220; wird &#8222;Olendrie&#8220; ausgesprochen und ist eigentlich eine lautliche Übertragung des deutschen Wortes &#8222;Holländerei&#8220;.)</p>
<p>Andreas könnte ein deutscher Siedler gewesen sein, der sich etwa 1768 in dem als Hauland neu gegründeten Dorf Troszczyn in der Umgebung von Opalenitza niederließ. Die Siedler wurden von Beauftragten der polnischen Grundbesitzer angeworben. Die deutschen &#8222;Behörden&#8220; führten über die Auswanderung keine Listen und wenn sich nicht ein Ansiedlungsvertrag findet, ist die genaue Herkunft eigentlich nicht mehr nachzuweisen.</p>
<p>Meistens kamen die Siedler nicht allein, sondern mit ihren Familien. Es ist anzunehmen, dass das auch bei Andreas der Fall war. Ob allerdings <a title="Datenbank: Joannis Fogiel" href="https://genealogie.dl5sel.de/index.php?route=%2Ftree%2Freinhard%2Findividual%2FI429%2FJoannis-Fogiel" target="_blank" rel="noopener noreferrer">Joannis Fogiel</a> ein Bruder von Andreas war, lässt sich bei meinem aktuellen Wissensstand nicht beweisen. Bemerkenswert ist auf jeden Fall die Tatsache, dass sowohl Andreas als auch Joannis ihren ältesten Sohn jeweils Martinus nannten. Verbirgt sich dahinter ein Hinweis auf einen gemeinsamen Vorfahren? Sollte es sich bestätigen, dass Andreas und Joannis Brüder waren, dann ist die Familie Vogel wahrscheinlich sehr viel größer als ich bisher angenommen habe.</p>
<p>Jetzt bleibt nur noch, die Lebenszeit von Andreas historisch einzuordnen.</p>
<p>&#8211; Friedrich II, König in Preußen (* 24. Januar 1712 in Berlin ; † 17. August 1786 in Potsdam).<br />
&#8211; Friedrich August II, Kurfürst von Sachsen (* 17. Oktober 1696 in Dresden; † 5. Oktober 1763 in Dresden), Sohn &#8222;Augusts des Starken&#8220;<br />
&#8211; 17. Januar 1734: Friedrich August II. wird als August III. zum polnischen König gewählt.<br />
&#8211; Siebenjähriger Krieg: 1756 &#8211; 1763<br />
&#8211; 1772, 1793 und 1795: Polnische Teilungen, das Gebiet um Opalenitza fällt an Preußen.<br />
&#8211; 1807 bis 1815: Napoleon errichtet das &#8222;Herzogtum Warschau&#8220;, Friedrich August III., Kurfürst von Sachsen, wird als Friedrich August I. Herzog in Warschau<br />
&#8211; 1815 &#8222;Wiener Kongress&#8220;, das Gebiet um Opalenitza fällt wieder an Preußen.</p>
<p>Es ging also in Opalenitza im wahrsten Sinne des Wortes &#8222;drunter und drüber&#8220;. Politisch stabile Verhältnisse sehen anders aus. Die Urenkel von Andreas, allen voran <a title="Datenbank: Anton Vogel" href="https://genealogie.dl5sel.de/index.php?route=%2Ftree%2Freinhard%2Findividual%2FI18%2FAnton-Vogel" target="_blank" rel="nofollow noopener noreferrer">Anton Vogel</a> wanderten daher wieder in die preußischen Stammlande zurück. Aber dazu an anderer Stelle mehr.</p>

<p>Andreas Vogel (Fogiel) ist der derzeitige Spitzenahn &#8222;meiner&#8220; Familie Vogel. In den Kirchenbüchern von Opalenica habe ich einige Einträge gefunden, in denen mein Ururururgroßvater genannt wird: Am 09.06.1768 findet sich der erste mir bisher bekannte Hinweis auf meinen Vorfahren. Andreas war Taufzeuge bei der Taufe von Anna Dorothea, Tochter des Paares Martin und Marianna Elisabeth [&hellip;]</p>
