{"id":691,"date":"2013-01-29T12:57:42","date_gmt":"2013-01-29T11:57:42","guid":{"rendered":"http:\/\/19matt57.cwsurf.de\/wordpress\/?page_id=691"},"modified":"2020-10-31T19:48:00","modified_gmt":"2020-10-31T18:48:00","slug":"hedwig-vogel-geb-nicolai-02-07-1885-22-02-1963","status":"publish","type":"page","link":"https:\/\/genblog.dl5sel.de\/?page_id=691","title":{"rendered":"Hedwig Vogel, geb. Nicolai (02.07.1885 &#8211; 22.02.1963)"},"content":{"rendered":"\n<div class=\"wp-block-group\"><div class=\"wp-block-group__inner-container is-layout-flow wp-block-group-is-layout-flow\">\n<p><a title=\"Datenbank: Hedwig Vogel, geb. Nicolai (1885 - 1963)\" href=\"https:\/\/genealogie.dl5sel.de\/index.php?route=%2Ftree%2Freinhard%2Findividual%2FI362%2FHedwig-Nicolai\" target=\"_blank\" rel=\"noopener noreferrer\"><img loading=\"lazy\" decoding=\"async\" class=\"size-medium wp-image-1962 alignright\" src=\"https:\/\/genblog.dl5sel.de\/wp-content\/uploads\/2020\/10\/HNicolai2-169x300.jpg\" alt=\"\" width=\"169\" height=\"300\" srcset=\"https:\/\/genblog.dl5sel.de\/wp-content\/uploads\/2020\/10\/HNicolai2-169x300.jpg 169w, https:\/\/genblog.dl5sel.de\/wp-content\/uploads\/2020\/10\/HNicolai2-576x1024.jpg 576w, https:\/\/genblog.dl5sel.de\/wp-content\/uploads\/2020\/10\/HNicolai2-768x1365.jpg 768w, https:\/\/genblog.dl5sel.de\/wp-content\/uploads\/2020\/10\/HNicolai2-864x1536.jpg 864w, https:\/\/genblog.dl5sel.de\/wp-content\/uploads\/2020\/10\/HNicolai2-624x1109.jpg 624w, https:\/\/genblog.dl5sel.de\/wp-content\/uploads\/2020\/10\/HNicolai2.jpg 900w\" sizes=\"auto, (max-width: 169px) 100vw, 169px\" \/>Hedwig<\/a> war die erste Ehefrau meines Gro\u00dfvaters <a title=\"Datenbank: Hermann Vogel (1876 - 1935)\" href=\"https:\/\/genealogie.dl5sel.de\/index.php?route=%2Ftree%2Freinhard%2Findividual%2FI11%2FHermann-Vogel\" target=\"_blank\" rel=\"noopener noreferrer\">Hermann Vogel (1876 &#8211; 1935)<\/a>. Von der Familie lange Zeit &#8222;tabuisiert&#8220; wurde \u00fcber dieses Thema nicht weiter geredet.<\/p>\n<p>Bei den Bem\u00fchungen, den Lebensweg meines Gro\u00dfvaters zu rekonstruieren, konnte auf der Grundlage eines Hinweises in der Jubil\u00e4umsschrift &#8222;Berliner Lehrer-Gesang-Verein 1887-1912. Bericht zur Feier des 25 j\u00e4hrigen Bestehens.&#8220; die Hochzeitsurkunde vom 02.07.1907 beschafft werden. Ob die \u00dcbereinstimmung von Hedwigs Geburtstag und Hochzeitstag Zufall oder Absicht war, l\u00e4sst sich nicht mehr ermitteln &#8230;<\/p>\n<p>Die Hochzeitsurkunde war sehr interessant. Es fanden sich mehrere zus\u00e4tzliche Eintr\u00e4ge, die wertvolle Informationen enthielten. Es konnte nicht nur die Geburtsurkunde aus dem Geburtsort Ruhland beschafft werden. Best\u00e4tigt wurde auch der Zeitpunkt der Scheidung.<\/p>\n<p>Auf der Geburtsurkunde fand sich au\u00dferdem ein Hinweis auf eine Sterbeurkunde aus N\u00fcrnberg. Auch die Sterbeurkunde liegt mir als Kopie vor.<\/p>\n<p>Auf der Grundlage der Geburts-, Ehe- und Sterbeurkunden Hedwigs und ihrer Tochter <a href=\"https:\/\/genealogie.dl5sel.de\/index.php?route=%2Ftree%2Freinhard%2Findividual%2FI363%2FMargarete-Vogel\" target=\"_blank\" rel=\"noopener noreferrer\">Margarete<\/a> gehe ich davon aus, dass beide eine sehr enge Beziehung hatten. Wahrscheinlich hat Hedwig ihre Tochter zeitlebens begleitet. Nach dem Tode ihrer Tochter Margarete hat Hedwig vermutlich mit ihrem Schwiegersohn\u00a0\u00a0 weiterhin gemeinsam in N\u00fcrnberg in einer Wohnung gelebt. Aus der Sterbeurkunde Hedwigs geht hervor, dass Ernst Jens &#8222;aus eigener Wissenschaft&#8220; &#8211; welch sch\u00f6ne b\u00fcrokratische Umschreibung &#8211; vom Tode Hedwigs wusste und daraufhin beim Standesamt N\u00fcrnberg die erforderlichen Formalit\u00e4ten erledigte.<\/p>\n<\/div><\/div>\n","protected":false},"excerpt":{"rendered":"<p>Hedwig war die erste Ehefrau meines Gro\u00dfvaters Hermann Vogel (1876 &#8211; 1935). Von der Familie lange Zeit &#8222;tabuisiert&#8220; wurde \u00fcber dieses Thema nicht weiter geredet. Bei den Bem\u00fchungen, den Lebensweg meines Gro\u00dfvaters zu rekonstruieren, konnte auf der Grundlage eines Hinweises in der Jubil\u00e4umsschrift &#8222;Berliner Lehrer-Gesang-Verein 1887-1912. Bericht zur Feier des 25 j\u00e4hrigen Bestehens.&#8220; die Hochzeitsurkunde [&hellip;]<\/p>\n","protected":false},"author":1,"featured_media":0,"parent":0,"menu_order":0,"comment_status":"closed","ping_status":"closed","template":"","meta":{"footnotes":""},"class_list":["post-691","page","type-page","status-publish","hentry"],"_links":{"self":[{"href":"https:\/\/genblog.dl5sel.de\/index.php?rest_route=\/wp\/v2\/pages\/691","targetHints":{"allow":["GET"]}}],"collection":[{"href":"https:\/\/genblog.dl5sel.de\/index.php?rest_route=\/wp\/v2\/pages"}],"about":[{"href":"https:\/\/genblog.dl5sel.de\/index.php?rest_route=\/wp\/v2\/types\/page"}],"author":[{"embeddable":true,"href":"https:\/\/genblog.dl5sel.de\/index.php?rest_route=\/wp\/v2\/users\/1"}],"replies":[{"embeddable":true,"href":"https:\/\/genblog.dl5sel.de\/index.php?rest_route=%2Fwp%2Fv2%2Fcomments&post=691"}],"version-history":[{"count":10,"href":"https:\/\/genblog.dl5sel.de\/index.php?rest_route=\/wp\/v2\/pages\/691\/revisions"}],"predecessor-version":[{"id":1965,"href":"https:\/\/genblog.dl5sel.de\/index.php?rest_route=\/wp\/v2\/pages\/691\/revisions\/1965"}],"wp:attachment":[{"href":"https:\/\/genblog.dl5sel.de\/index.php?rest_route=%2Fwp%2Fv2%2Fmedia&parent=691"}],"curies":[{"name":"wp","href":"https:\/\/api.w.org\/{rel}","templated":true}]}}