{"id":927,"date":"2013-04-08T11:49:31","date_gmt":"2013-04-08T09:49:31","guid":{"rendered":"http:\/\/genblog.dl5sel.de\/?page_id=927"},"modified":"2021-08-08T15:50:11","modified_gmt":"2021-08-08T13:50:11","slug":"bildergalerie-hermann-vogel","status":"publish","type":"page","link":"https:\/\/genblog.dl5sel.de\/?page_id=927","title":{"rendered":"Bildergalerie Hermann Vogel"},"content":{"rendered":"<p style=\"text-align: center;\"><a href=\"http:\/\/genblog.dl5sel.de\/wp-content\/uploads\/2013\/04\/HVogel_1909.jpg\"><img loading=\"lazy\" decoding=\"async\" class=\"size-full wp-image-943 aligncenter\" src=\"http:\/\/genblog.dl5sel.de\/wp-content\/uploads\/2013\/04\/HVogel_1909.jpg\" alt=\"\" width=\"922\" height=\"1452\" srcset=\"https:\/\/genblog.dl5sel.de\/wp-content\/uploads\/2013\/04\/HVogel_1909.jpg 922w, https:\/\/genblog.dl5sel.de\/wp-content\/uploads\/2013\/04\/HVogel_1909-190x300.jpg 190w, https:\/\/genblog.dl5sel.de\/wp-content\/uploads\/2013\/04\/HVogel_1909-650x1024.jpg 650w, https:\/\/genblog.dl5sel.de\/wp-content\/uploads\/2013\/04\/HVogel_1909-624x982.jpg 624w\" sizes=\"auto, (max-width: 922px) 100vw, 922px\" \/><\/a><\/p>\n<p style=\"text-align: left;\">Die Aufnahme stammt vermutlich aus dem Jahre 1909 und zeigt Hermann gemeinsam mit seiner Mutter. Der Vater Hermanns war vermutlich zu diesem Zeitpunkt bereits verstorben.<br \/>Interessant auch die Damenmode der damaligen Zeit. Vor allem der Hut meiner Urgro\u00dfmutter hat es mir angetan &#8230;<br \/><!--nextpage--><br \/>Die folgenden Bilder wurden w\u00e4hrend des ersten Weltkrieges aufgenommen. Zeitpunkt und Ort der Aufnahmen sind nicht \u00fcberliefert.<\/p>\n<p><a href=\"http:\/\/genblog.dl5sel.de\/wp-content\/uploads\/2013\/04\/versuch03.jpg\"><img loading=\"lazy\" decoding=\"async\" class=\"size-large wp-image-945\" src=\"http:\/\/genblog.dl5sel.de\/wp-content\/uploads\/2013\/04\/versuch03-1024x700.jpg\" alt=\"1. Weltkrieg - Hermann und sein &quot;Trupp&quot;\" width=\"625\" height=\"427\" srcset=\"https:\/\/genblog.dl5sel.de\/wp-content\/uploads\/2013\/04\/versuch03-1024x700.jpg 1024w, https:\/\/genblog.dl5sel.de\/wp-content\/uploads\/2013\/04\/versuch03-300x205.jpg 300w, https:\/\/genblog.dl5sel.de\/wp-content\/uploads\/2013\/04\/versuch03-624x426.jpg 624w\" sizes=\"auto, (max-width: 625px) 100vw, 625px\" \/><\/a><br \/>Interessant ist in jedem Fall die Uniformordnung. Ob die unterschiedlichen Kopfbedeckungen etwas \u00fcber die Dienststellung aussagen, sollte man vielleicht \u00fcberpr\u00fcfen &#8230; Dass jeder der Abgelichteten einen Bart trug, mag wohl eher Zufall gewesen sein.<br \/>Weshalb mein Gro\u00dfvater eine Schirmm\u00fctze trug, die erst Unteroffizieren gestattet war, ist mir noch unbekannt. Der Familien\u00fcberlieferung nach soll er als Gefreiter entlassen worden sein &#8230;<br \/><!--nextpage--><\/p>\n<p><a href=\"http:\/\/genblog.dl5sel.de\/wp-content\/uploads\/2013\/04\/K1600_Scan0006.jpg\"><img loading=\"lazy\" decoding=\"async\" class=\"size-large wp-image-946\" src=\"http:\/\/genblog.dl5sel.de\/wp-content\/uploads\/2013\/04\/K1600_Scan0006-648x1024.jpg\" alt=\"1. Weltkrieg\" width=\"625\" height=\"987\" srcset=\"https:\/\/genblog.dl5sel.de\/wp-content\/uploads\/2013\/04\/K1600_Scan0006-648x1024.jpg 648w, https:\/\/genblog.dl5sel.de\/wp-content\/uploads\/2013\/04\/K1600_Scan0006-624x985.jpg 624w, https:\/\/genblog.dl5sel.de\/wp-content\/uploads\/2013\/04\/K1600_Scan0006.jpg 1200w\" sizes=\"auto, (max-width: 625px) 100vw, 625px\" \/><\/a> Bevor ich dieses Bild in den H\u00e4nden hielt, wusste ich nicht, dass mein Gro\u00dfvater Raucher war. Die &#8222;Blume&#8220; im Knopfloch hatte mit der Uniform wohl auch nicht viel zu tun.<br \/>Auch auf diesem Bild sind typische Merkmale einer Unteroffiziersuniform erkennbar: Schirmm\u00fctze und Seitengewehr. Allerdings fehlen die typischen Tressen bzw. Litzen.<\/p>\n<p><!--nextpage--><\/p>\n<p><a href=\"http:\/\/genblog.dl5sel.de\/wp-content\/uploads\/2013\/04\/K1600_Scan0007.jpg\"><img loading=\"lazy\" decoding=\"async\" class=\"size-large wp-image-947\" src=\"http:\/\/genblog.dl5sel.de\/wp-content\/uploads\/2013\/04\/K1600_Scan0007-671x1024.jpg\" alt=\"1. Weltkrieg, Aufnahme mit Gewehr\" width=\"625\" height=\"953\" srcset=\"https:\/\/genblog.dl5sel.de\/wp-content\/uploads\/2013\/04\/K1600_Scan0007-671x1024.jpg 671w, https:\/\/genblog.dl5sel.de\/wp-content\/uploads\/2013\/04\/K1600_Scan0007-196x300.jpg 196w, https:\/\/genblog.dl5sel.de\/wp-content\/uploads\/2013\/04\/K1600_Scan0007-624x951.jpg 624w, https:\/\/genblog.dl5sel.de\/wp-content\/uploads\/2013\/04\/K1600_Scan0007.jpg 1200w\" sizes=\"auto, (max-width: 625px) 100vw, 625px\" \/><\/a><br \/>Mein Kommentar zu diesem Bild ist etwas despektierlich: Entweder war mein Gro\u00dfvater recht klein oder er hatte ein extra gro\u00dfes Gewehr zugeteilt bekommen. Ohne die &#8222;Pickelhaube&#8220; h\u00e4tte ihn das Gewehr wohl \u00fcberragt &#8230;<br \/>Vielleicht lassen sich einzelne Ausr\u00fcstungsteile genauer bestimmen. Das Seitengewehr d\u00fcrfte das Modell S71\/84 gewesen sein.<\/p>\n<p><!--nextpage--><a href=\"http:\/\/genblog.dl5sel.de\/wp-content\/uploads\/2013\/04\/HVogel_1925_1.jpg\"><img loading=\"lazy\" decoding=\"async\" class=\"size-large wp-image-944\" src=\"http:\/\/genblog.dl5sel.de\/wp-content\/uploads\/2013\/04\/HVogel_1925_1-633x1024.jpg\" alt=\"S\u00e4ngerfahrt des BLGV 1925\" width=\"625\" height=\"1011\" srcset=\"https:\/\/genblog.dl5sel.de\/wp-content\/uploads\/2013\/04\/HVogel_1925_1-633x1024.jpg 633w, https:\/\/genblog.dl5sel.de\/wp-content\/uploads\/2013\/04\/HVogel_1925_1-185x300.jpg 185w, https:\/\/genblog.dl5sel.de\/wp-content\/uploads\/2013\/04\/HVogel_1925_1-624x1008.jpg 624w, https:\/\/genblog.dl5sel.de\/wp-content\/uploads\/2013\/04\/HVogel_1925_1.jpg 1038w\" sizes=\"auto, (max-width: 625px) 100vw, 625px\" \/><\/a><br \/>Der Ausschnitt stammt aus einer Fotografie aus dem Jahre 1925 und wurde w\u00e4hrend einer S\u00e4ngerfahrt des Berliner Lehrergesangsvereins aufgenommen. Der Bart entsprach wohl nicht mehr seinem Stand als Familienvater und musste weichen. Stattdessen war ein kleines &#8222;B\u00e4uchlein&#8220; gewachsen &#8230;<!--nextpage--><!--more--><\/p>\n<p><img loading=\"lazy\" decoding=\"async\" class=\"aligncenter  wp-image-2020\" src=\"https:\/\/genblog.dl5sel.de\/wp-content\/uploads\/2020\/11\/FamVogel_1928-300x239.jpg\" alt=\"\" width=\"641\" height=\"511\" srcset=\"https:\/\/genblog.dl5sel.de\/wp-content\/uploads\/2020\/11\/FamVogel_1928-300x239.jpg 300w, https:\/\/genblog.dl5sel.de\/wp-content\/uploads\/2020\/11\/FamVogel_1928-624x497.jpg 624w, https:\/\/genblog.dl5sel.de\/wp-content\/uploads\/2020\/11\/FamVogel_1928.jpg 663w\" sizes=\"auto, (max-width: 641px) 100vw, 641px\" \/><\/p>\n<p>Diese Aufnahme stammt aus dem Jahr 1928. Der j\u00fcngste Spro\u00df, mein Vater, k\u00f6nnte ein Taufgewand tragen. &#8211; Weshalb mein Gro\u00dfvater, mein Onkel und meine Tante so &#8222;m\u00fcrrisch&#8220; blicken, k\u00f6nnte daran liegen, dass ihnen die Sonne ins Gesicht schien &#8230;<\/p>\n<p><!--nextpage--><\/p>\n\n\n<figure class=\"wp-block-image size-large\"><img loading=\"lazy\" decoding=\"async\" width=\"768\" height=\"1024\" src=\"https:\/\/genblog.dl5sel.de\/wp-content\/uploads\/2021\/08\/Grabstein-768x1024.jpg\" alt=\"\" class=\"wp-image-2033\" srcset=\"https:\/\/genblog.dl5sel.de\/wp-content\/uploads\/2021\/08\/Grabstein-768x1024.jpg 768w, https:\/\/genblog.dl5sel.de\/wp-content\/uploads\/2021\/08\/Grabstein-225x300.jpg 225w, https:\/\/genblog.dl5sel.de\/wp-content\/uploads\/2021\/08\/Grabstein-1152x1536.jpg 1152w, https:\/\/genblog.dl5sel.de\/wp-content\/uploads\/2021\/08\/Grabstein-1536x2048.jpg 1536w, https:\/\/genblog.dl5sel.de\/wp-content\/uploads\/2021\/08\/Grabstein-624x832.jpg 624w, https:\/\/genblog.dl5sel.de\/wp-content\/uploads\/2021\/08\/Grabstein-scaled.jpg 1920w\" sizes=\"auto, (max-width: 768px) 100vw, 768px\" \/><\/figure>\n\n\n\n<p>Mein Gro\u00dfvater wurde 1935 auf dem Friedhof in Hohen Neuendorf begraben. Das Foto zeigt den Zustand des Grabes im Juli 2021. Inzwischen geh\u00f6rt der Grabstein zu den historischen Bestandteilen des Friedhofes und wird sicher auch in den n\u00e4chsten Jahren nicht entfernt.<\/p>\n","protected":false},"excerpt":{"rendered":"<p>Die Aufnahme stammt vermutlich aus dem Jahre 1909 und zeigt Hermann gemeinsam mit seiner Mutter. Der Vater Hermanns war vermutlich zu diesem Zeitpunkt bereits verstorben.Interessant auch die Damenmode der damaligen Zeit. Vor allem der Hut meiner Urgro\u00dfmutter hat es mir angetan &#8230;<\/p>\n","protected":false},"author":1,"featured_media":0,"parent":399,"menu_order":0,"comment_status":"closed","ping_status":"closed","template":"","meta":{"footnotes":""},"class_list":["post-927","page","type-page","status-publish","hentry"],"_links":{"self":[{"href":"https:\/\/genblog.dl5sel.de\/index.php?rest_route=\/wp\/v2\/pages\/927","targetHints":{"allow":["GET"]}}],"collection":[{"href":"https:\/\/genblog.dl5sel.de\/index.php?rest_route=\/wp\/v2\/pages"}],"about":[{"href":"https:\/\/genblog.dl5sel.de\/index.php?rest_route=\/wp\/v2\/types\/page"}],"author":[{"embeddable":true,"href":"https:\/\/genblog.dl5sel.de\/index.php?rest_route=\/wp\/v2\/users\/1"}],"replies":[{"embeddable":true,"href":"https:\/\/genblog.dl5sel.de\/index.php?rest_route=%2Fwp%2Fv2%2Fcomments&post=927"}],"version-history":[{"count":21,"href":"https:\/\/genblog.dl5sel.de\/index.php?rest_route=\/wp\/v2\/pages\/927\/revisions"}],"predecessor-version":[{"id":2035,"href":"https:\/\/genblog.dl5sel.de\/index.php?rest_route=\/wp\/v2\/pages\/927\/revisions\/2035"}],"up":[{"embeddable":true,"href":"https:\/\/genblog.dl5sel.de\/index.php?rest_route=\/wp\/v2\/pages\/399"}],"wp:attachment":[{"href":"https:\/\/genblog.dl5sel.de\/index.php?rest_route=%2Fwp%2Fv2%2Fmedia&parent=927"}],"curies":[{"name":"wp","href":"https:\/\/api.w.org\/{rel}","templated":true}]}}

<p style="text-align: center;"><a href="http://genblog.dl5sel.de/wp-content/uploads/2013/04/HVogel_1909.jpg"><img loading="lazy" decoding="async" class="size-full wp-image-943 aligncenter" src="http://genblog.dl5sel.de/wp-content/uploads/2013/04/HVogel_1909.jpg" alt="" width="922" height="1452" srcset="https://genblog.dl5sel.de/wp-content/uploads/2013/04/HVogel_1909.jpg 922w, https://genblog.dl5sel.de/wp-content/uploads/2013/04/HVogel_1909-190x300.jpg 190w, https://genblog.dl5sel.de/wp-content/uploads/2013/04/HVogel_1909-650x1024.jpg 650w, https://genblog.dl5sel.de/wp-content/uploads/2013/04/HVogel_1909-624x982.jpg 624w" sizes="auto, (max-width: 922px) 100vw, 922px" /></a></p>
<p style="text-align: left;">Die Aufnahme stammt vermutlich aus dem Jahre 1909 und zeigt Hermann gemeinsam mit seiner Mutter. Der Vater Hermanns war vermutlich zu diesem Zeitpunkt bereits verstorben.<br />Interessant auch die Damenmode der damaligen Zeit. Vor allem der Hut meiner Urgroßmutter hat es mir angetan &#8230;<br /><!--nextpage--><br />Die folgenden Bilder wurden während des ersten Weltkrieges aufgenommen. Zeitpunkt und Ort der Aufnahmen sind nicht überliefert.</p>
<p><a href="http://genblog.dl5sel.de/wp-content/uploads/2013/04/versuch03.jpg"><img loading="lazy" decoding="async" class="size-large wp-image-945" src="http://genblog.dl5sel.de/wp-content/uploads/2013/04/versuch03-1024x700.jpg" alt="1. Weltkrieg - Hermann und sein &quot;Trupp&quot;" width="625" height="427" srcset="https://genblog.dl5sel.de/wp-content/uploads/2013/04/versuch03-1024x700.jpg 1024w, https://genblog.dl5sel.de/wp-content/uploads/2013/04/versuch03-300x205.jpg 300w, https://genblog.dl5sel.de/wp-content/uploads/2013/04/versuch03-624x426.jpg 624w" sizes="auto, (max-width: 625px) 100vw, 625px" /></a><br />Interessant ist in jedem Fall die Uniformordnung. Ob die unterschiedlichen Kopfbedeckungen etwas über die Dienststellung aussagen, sollte man vielleicht überprüfen &#8230; Dass jeder der Abgelichteten einen Bart trug, mag wohl eher Zufall gewesen sein.<br />Weshalb mein Großvater eine Schirmmütze trug, die erst Unteroffizieren gestattet war, ist mir noch unbekannt. Der Familienüberlieferung nach soll er als Gefreiter entlassen worden sein &#8230;<br /><!--nextpage--></p>
<p><a href="http://genblog.dl5sel.de/wp-content/uploads/2013/04/K1600_Scan0006.jpg"><img loading="lazy" decoding="async" class="size-large wp-image-946" src="http://genblog.dl5sel.de/wp-content/uploads/2013/04/K1600_Scan0006-648x1024.jpg" alt="1. Weltkrieg" width="625" height="987" srcset="https://genblog.dl5sel.de/wp-content/uploads/2013/04/K1600_Scan0006-648x1024.jpg 648w, https://genblog.dl5sel.de/wp-content/uploads/2013/04/K1600_Scan0006-624x985.jpg 624w, https://genblog.dl5sel.de/wp-content/uploads/2013/04/K1600_Scan0006.jpg 1200w" sizes="auto, (max-width: 625px) 100vw, 625px" /></a> Bevor ich dieses Bild in den Händen hielt, wusste ich nicht, dass mein Großvater Raucher war. Die &#8222;Blume&#8220; im Knopfloch hatte mit der Uniform wohl auch nicht viel zu tun.<br />Auch auf diesem Bild sind typische Merkmale einer Unteroffiziersuniform erkennbar: Schirmmütze und Seitengewehr. Allerdings fehlen die typischen Tressen bzw. Litzen.</p>
<p><!--nextpage--></p>
<p><a href="http://genblog.dl5sel.de/wp-content/uploads/2013/04/K1600_Scan0007.jpg"><img loading="lazy" decoding="async" class="size-large wp-image-947" src="http://genblog.dl5sel.de/wp-content/uploads/2013/04/K1600_Scan0007-671x1024.jpg" alt="1. Weltkrieg, Aufnahme mit Gewehr" width="625" height="953" srcset="https://genblog.dl5sel.de/wp-content/uploads/2013/04/K1600_Scan0007-671x1024.jpg 671w, https://genblog.dl5sel.de/wp-content/uploads/2013/04/K1600_Scan0007-196x300.jpg 196w, https://genblog.dl5sel.de/wp-content/uploads/2013/04/K1600_Scan0007-624x951.jpg 624w, https://genblog.dl5sel.de/wp-content/uploads/2013/04/K1600_Scan0007.jpg 1200w" sizes="auto, (max-width: 625px) 100vw, 625px" /></a><br />Mein Kommentar zu diesem Bild ist etwas despektierlich: Entweder war mein Großvater recht klein oder er hatte ein extra großes Gewehr zugeteilt bekommen. Ohne die &#8222;Pickelhaube&#8220; hätte ihn das Gewehr wohl überragt &#8230;<br />Vielleicht lassen sich einzelne Ausrüstungsteile genauer bestimmen. Das Seitengewehr dürfte das Modell S71/84 gewesen sein.</p>
<p><!--nextpage--><a href="http://genblog.dl5sel.de/wp-content/uploads/2013/04/HVogel_1925_1.jpg"><img loading="lazy" decoding="async" class="size-large wp-image-944" src="http://genblog.dl5sel.de/wp-content/uploads/2013/04/HVogel_1925_1-633x1024.jpg" alt="Sängerfahrt des BLGV 1925" width="625" height="1011" srcset="https://genblog.dl5sel.de/wp-content/uploads/2013/04/HVogel_1925_1-633x1024.jpg 633w, https://genblog.dl5sel.de/wp-content/uploads/2013/04/HVogel_1925_1-185x300.jpg 185w, https://genblog.dl5sel.de/wp-content/uploads/2013/04/HVogel_1925_1-624x1008.jpg 624w, https://genblog.dl5sel.de/wp-content/uploads/2013/04/HVogel_1925_1.jpg 1038w" sizes="auto, (max-width: 625px) 100vw, 625px" /></a><br />Der Ausschnitt stammt aus einer Fotografie aus dem Jahre 1925 und wurde während einer Sängerfahrt des Berliner Lehrergesangsvereins aufgenommen. Der Bart entsprach wohl nicht mehr seinem Stand als Familienvater und musste weichen. Stattdessen war ein kleines &#8222;Bäuchlein&#8220; gewachsen &#8230;<!--nextpage--><!--more--></p>
<p><img loading="lazy" decoding="async" class="aligncenter  wp-image-2020" src="https://genblog.dl5sel.de/wp-content/uploads/2020/11/FamVogel_1928-300x239.jpg" alt="" width="641" height="511" srcset="https://genblog.dl5sel.de/wp-content/uploads/2020/11/FamVogel_1928-300x239.jpg 300w, https://genblog.dl5sel.de/wp-content/uploads/2020/11/FamVogel_1928-624x497.jpg 624w, https://genblog.dl5sel.de/wp-content/uploads/2020/11/FamVogel_1928.jpg 663w" sizes="auto, (max-width: 641px) 100vw, 641px" /></p>
<p>Diese Aufnahme stammt aus dem Jahr 1928. Der jüngste Sproß, mein Vater, könnte ein Taufgewand tragen. &#8211; Weshalb mein Großvater, mein Onkel und meine Tante so &#8222;mürrisch&#8220; blicken, könnte daran liegen, dass ihnen die Sonne ins Gesicht schien &#8230;</p>
<p><!--nextpage--></p>


<figure class="wp-block-image size-large"><img loading="lazy" decoding="async" width="768" height="1024" src="https://genblog.dl5sel.de/wp-content/uploads/2021/08/Grabstein-768x1024.jpg" alt="" class="wp-image-2033" srcset="https://genblog.dl5sel.de/wp-content/uploads/2021/08/Grabstein-768x1024.jpg 768w, https://genblog.dl5sel.de/wp-content/uploads/2021/08/Grabstein-225x300.jpg 225w, https://genblog.dl5sel.de/wp-content/uploads/2021/08/Grabstein-1152x1536.jpg 1152w, https://genblog.dl5sel.de/wp-content/uploads/2021/08/Grabstein-1536x2048.jpg 1536w, https://genblog.dl5sel.de/wp-content/uploads/2021/08/Grabstein-624x832.jpg 624w, https://genblog.dl5sel.de/wp-content/uploads/2021/08/Grabstein-scaled.jpg 1920w" sizes="auto, (max-width: 768px) 100vw, 768px" /></figure>



<p>Mein Großvater wurde 1935 auf dem Friedhof in Hohen Neuendorf begraben. Das Foto zeigt den Zustand des Grabes im Juli 2021. Inzwischen gehört der Grabstein zu den historischen Bestandteilen des Friedhofes und wird sicher auch in den nächsten Jahren nicht entfernt.</p>

<p>Die Aufnahme stammt vermutlich aus dem Jahre 1909 und zeigt Hermann gemeinsam mit seiner Mutter. Der Vater Hermanns war vermutlich zu diesem Zeitpunkt bereits verstorben.Interessant auch die Damenmode der damaligen Zeit. Vor allem der Hut meiner Urgroßmutter hat es mir angetan &#8230;</p>
